Last updated on 2023-02-01 06:56:26 CET.
Flavor | Version | Tinstall | Tcheck | Ttotal | Status | Flags |
---|---|---|---|---|---|---|
r-devel-linux-x86_64-debian-clang | 2.2-17 | 17.84 | 137.32 | 155.16 | OK | |
r-devel-linux-x86_64-debian-gcc | 2.2-17 | 13.90 | 102.64 | 116.54 | OK | |
r-devel-linux-x86_64-fedora-clang | 2.2-17 | 194.44 | NOTE | |||
r-devel-linux-x86_64-fedora-gcc | 2.2-17 | 199.47 | OK | |||
r-devel-windows-x86_64 | 2.2-17 | 48.00 | 183.00 | 231.00 | OK | |
r-patched-linux-x86_64 | 2.2-17 | 24.27 | 135.01 | 159.28 | OK | |
r-release-linux-x86_64 | 2.2-17 | 14.40 | 136.31 | 150.71 | OK | |
r-release-macos-arm64 | 2.2-17 | 89.00 | OK | |||
r-release-macos-x86_64 | 2.2-17 | 118.00 | OK | |||
r-release-windows-x86_64 | 2.2-17 | 39.00 | 179.00 | 218.00 | OK | |
r-oldrel-macos-arm64 | 2.2-17 | 80.00 | OK | |||
r-oldrel-macos-x86_64 | 2.2-17 | 121.00 | OK | |||
r-oldrel-windows-ix86+x86_64 | 2.2-17 | 33.00 | 155.00 | 188.00 | OK |
Version: 2.2-17
Check: Rd cross-references
Result: NOTE
Undeclared packages ‘splancs’, ‘spatstat.data’ in Rd xrefs
Flavor: r-devel-linux-x86_64-fedora-clang