CRAN Package Check Results for Package sparrpowR

Last updated on 2021-08-01 23:49:43 CEST.

Flavor Version Tinstall Tcheck Ttotal Status Flags
r-devel-linux-x86_64-debian-clang 0.2.3 21.45 209.31 230.76 ERROR
r-devel-linux-x86_64-debian-gcc 0.2.3 18.01 156.12 174.13 ERROR
r-devel-linux-x86_64-fedora-clang 0.2.3 286.09 ERROR
r-devel-linux-x86_64-fedora-gcc 0.2.3 270.06 ERROR
r-devel-windows-x86_64 0.2.3 33.00 225.00 258.00 ERROR
r-devel-windows-x86_64-gcc10-UCRT 0.2.3 ERROR
r-patched-linux-x86_64 0.2.3 OK
r-patched-solaris-x86 0.2.3 374.30 OK
r-release-linux-x86_64 0.2.3 19.24 202.59 221.83 OK
r-release-macos-arm64 0.2.3 OK
r-release-macos-x86_64 0.2.3 OK
r-release-windows-ix86+x86_64 0.2.3 46.00 181.00 227.00 OK
r-oldrel-macos-x86_64 0.2.3 OK
r-oldrel-windows-ix86+x86_64 0.2.3 34.00 276.00 310.00 OK

Check Details

Version: 0.2.3
Check: tests
Result: ERROR
     Running 'spelling.R' [0s/1s]
     Running 'testthat.R' [19s/24s]
    Running the tests in 'tests/testthat.R' failed.
    Complete output:
     > library(testthat)
     > library(sparrpowR)
     Loading required package: spatstat.geom
     Loading required package: spatstat.data
     spatstat.geom 2.2-2
     Loading required package: spatstat.core
     Loading required package: nlme
     Loading required package: rpart
     spatstat.core 2.3-0
     Loading required package: spatstat.linnet
     spatstat.linnet 2.3-0
     Loading required package: spatstat
    
     spatstat 2.2-0 (nickname: 'That's not important right now')
     For an introduction to spatstat, type 'beginner'
    
    
     Welcome to {sparrpowR} version 0.2.3
     > help("sparrpowR") # for documentation
     > citation("sparrpowR") # for how to cite
    
     >
     > test_check("sparrpowR")
    
    
    
     == Skipped tests ===============================================================
     * On CRAN (1)
    
     == Failed tests ================================================================
     -- Error (test-jitter_power.R:73:3): parallel processing with future package functions properly --
     Error: PSOCK cluster setup strategy 'parallel' is not yet supported
     Backtrace:
     x
     1. +-testthat::expect_named(...) test-jitter_power.R:73:2
     2. | \-testthat::quasi_label(enquo(object), label, arg = "object")
     3. | \-rlang::eval_bare(expr, quo_get_env(quo))
     4. \-sparrpowR::jitter_power(...)
     5. \-future::plan(future::multisession, workers = n_core)
     6. \-future:::plan_set(...)
     7. \-future:::plan_init()
     8. \-future:::evaluator(...)
     9. \-future:::strategy(..., envir = envir, workers = workers)
     10. \-future::MultisessionFuture(...)
     11. \-future::ClusterFuture(...)
     12. +-base::do.call(...)
     13. \-(function (future, workers = NULL, ...) ...
     14. \-future:::ClusterRegistry("start", workers = workers, ...)
     15. \-future:::makeCluster(workers, ...)
     16. \-parallelly::makeClusterPSOCK(workers, ...)
     -- Error (test-test-spatial_power.R:205:3): parallel processing with future package functions properly --
     Error: PSOCK cluster setup strategy 'parallel' is not yet supported
     Backtrace:
     x
     1. +-testthat::expect_named(...) test-test-spatial_power.R:205:2
     2. | \-testthat::quasi_label(enquo(object), label, arg = "object")
     3. | \-rlang::eval_bare(expr, quo_get_env(quo))
     4. \-sparrpowR::spatial_power(...)
     5. \-future::plan(future::multisession, workers = n_core)
     6. \-future:::plan_set(...)
     7. \-future:::plan_init()
     8. \-future:::evaluator(...)
     9. \-future:::strategy(..., envir = envir, workers = workers)
     10. \-future::MultisessionFuture(...)
     11. \-future::ClusterFuture(...)
     12. +-base::do.call(...)
     13. \-(function (future, workers = NULL, ...) ...
     14. \-future:::ClusterRegistry("start", workers = workers, ...)
     15. \-future:::makeCluster(workers, ...)
     16. \-parallelly::makeClusterPSOCK(workers, ...)
    
     [ FAIL 2 | WARN 0 | SKIP 1 | PASS 22 ]
     Error: Test failures
     Execution halted
Flavor: r-devel-linux-x86_64-debian-clang

Version: 0.2.3
Check: tests
Result: ERROR
     Running ‘spelling.R’ [0s/1s]
     Running ‘testthat.R’ [13s/22s]
    Running the tests in ‘tests/testthat.R’ failed.
    Complete output:
     > library(testthat)
     > library(sparrpowR)
     Loading required package: spatstat.geom
     Loading required package: spatstat.data
     spatstat.geom 2.2-2
     Loading required package: spatstat.core
     Loading required package: nlme
     Loading required package: rpart
     spatstat.core 2.3-0
     Loading required package: spatstat.linnet
     spatstat.linnet 2.3-0
     Loading required package: spatstat
    
     spatstat 2.2-0 (nickname: 'That's not important right now')
     For an introduction to spatstat, type 'beginner'
    
    
     Welcome to {sparrpowR} version 0.2.3
     > help("sparrpowR") # for documentation
     > citation("sparrpowR") # for how to cite
    
     >
     > test_check("sparrpowR")
    
    
    
     ══ Skipped tests ═══════════════════════════════════════════════════════════════
     • On CRAN (1)
    
     ══ Failed tests ════════════════════════════════════════════════════════════════
     ── Error (test-jitter_power.R:73:3): parallel processing with future package functions properly ──
     Error: PSOCK cluster setup strategy 'parallel' is not yet supported
     Backtrace:
     █
     1. ├─testthat::expect_named(...) test-jitter_power.R:73:2
     2. │ └─testthat::quasi_label(enquo(object), label, arg = "object")
     3. │ └─rlang::eval_bare(expr, quo_get_env(quo))
     4. └─sparrpowR::jitter_power(...)
     5. └─future::plan(future::multisession, workers = n_core)
     6. └─future:::plan_set(...)
     7. └─future:::plan_init()
     8. └─future:::evaluator(...)
     9. └─future:::strategy(..., envir = envir, workers = workers)
     10. └─future::MultisessionFuture(...)
     11. └─future::ClusterFuture(...)
     12. ├─base::do.call(...)
     13. └─(function (future, workers = NULL, ...) ...
     14. └─future:::ClusterRegistry("start", workers = workers, ...)
     15. └─future:::makeCluster(workers, ...)
     16. └─parallelly::makeClusterPSOCK(workers, ...)
     ── Error (test-test-spatial_power.R:205:3): parallel processing with future package functions properly ──
     Error: PSOCK cluster setup strategy 'parallel' is not yet supported
     Backtrace:
     █
     1. ├─testthat::expect_named(...) test-test-spatial_power.R:205:2
     2. │ └─testthat::quasi_label(enquo(object), label, arg = "object")
     3. │ └─rlang::eval_bare(expr, quo_get_env(quo))
     4. └─sparrpowR::spatial_power(...)
     5. └─future::plan(future::multisession, workers = n_core)
     6. └─future:::plan_set(...)
     7. └─future:::plan_init()
     8. └─future:::evaluator(...)
     9. └─future:::strategy(..., envir = envir, workers = workers)
     10. └─future::MultisessionFuture(...)
     11. └─future::ClusterFuture(...)
     12. ├─base::do.call(...)
     13. └─(function (future, workers = NULL, ...) ...
     14. └─future:::ClusterRegistry("start", workers = workers, ...)
     15. └─future:::makeCluster(workers, ...)
     16. └─parallelly::makeClusterPSOCK(workers, ...)
    
     [ FAIL 2 | WARN 0 | SKIP 1 | PASS 22 ]
     Error: Test failures
     Execution halted
Flavor: r-devel-linux-x86_64-debian-gcc

Version: 0.2.3
Check: tests
Result: ERROR
     Running ‘spelling.R’
     Running ‘testthat.R’ [24s/28s]
    Running the tests in ‘tests/testthat.R’ failed.
    Complete output:
     > library(testthat)
     > library(sparrpowR)
     Loading required package: spatstat.geom
     Loading required package: spatstat.data
     spatstat.geom 2.2-2
     Loading required package: spatstat.core
     Loading required package: nlme
     Loading required package: rpart
     spatstat.core 2.3-0
     Loading required package: spatstat.linnet
     spatstat.linnet 2.3-0
     Loading required package: spatstat
    
     spatstat 2.2-0 (nickname: 'That's not important right now')
     For an introduction to spatstat, type 'beginner'
    
    
     Welcome to {sparrpowR} version 0.2.3
     > help("sparrpowR") # for documentation
     > citation("sparrpowR") # for how to cite
    
     >
     > test_check("sparrpowR")
    
    
    
     ══ Skipped tests ═══════════════════════════════════════════════════════════════
     • On CRAN (1)
    
     ══ Failed tests ════════════════════════════════════════════════════════════════
     ── Error (test-jitter_power.R:73:3): parallel processing with future package functions properly ──
     Error: PSOCK cluster setup strategy 'parallel' is not yet supported
     Backtrace:
     █
     1. ├─testthat::expect_named(...) test-jitter_power.R:73:2
     2. │ └─testthat::quasi_label(enquo(object), label, arg = "object")
     3. │ └─rlang::eval_bare(expr, quo_get_env(quo))
     4. └─sparrpowR::jitter_power(...)
     5. └─future::plan(future::multisession, workers = n_core)
     6. └─future:::plan_set(...)
     7. └─future:::plan_init()
     8. └─future:::evaluator(...)
     9. └─future:::strategy(..., envir = envir, workers = workers)
     10. └─future::MultisessionFuture(...)
     11. └─future::ClusterFuture(...)
     12. ├─base::do.call(...)
     13. └─(function (future, workers = NULL, ...) ...
     14. └─future:::ClusterRegistry("start", workers = workers, ...)
     15. └─future:::makeCluster(workers, ...)
     16. └─parallelly::makeClusterPSOCK(workers, ...)
     ── Error (test-test-spatial_power.R:205:3): parallel processing with future package functions properly ──
     Error: PSOCK cluster setup strategy 'parallel' is not yet supported
     Backtrace:
     █
     1. ├─testthat::expect_named(...) test-test-spatial_power.R:205:2
     2. │ └─testthat::quasi_label(enquo(object), label, arg = "object")
     3. │ └─rlang::eval_bare(expr, quo_get_env(quo))
     4. └─sparrpowR::spatial_power(...)
     5. └─future::plan(future::multisession, workers = n_core)
     6. └─future:::plan_set(...)
     7. └─future:::plan_init()
     8. └─future:::evaluator(...)
     9. └─future:::strategy(..., envir = envir, workers = workers)
     10. └─future::MultisessionFuture(...)
     11. └─future::ClusterFuture(...)
     12. ├─base::do.call(...)
     13. └─(function (future, workers = NULL, ...) ...
     14. └─future:::ClusterRegistry("start", workers = workers, ...)
     15. └─future:::makeCluster(workers, ...)
     16. └─parallelly::makeClusterPSOCK(workers, ...)
    
     [ FAIL 2 | WARN 0 | SKIP 1 | PASS 22 ]
     Error: Test failures
     Execution halted
Flavors: r-devel-linux-x86_64-fedora-clang, r-devel-linux-x86_64-fedora-gcc

Version: 0.2.3
Check: tests
Result: ERROR
     Running 'spelling.R' [0s]
     Running 'testthat.R' [17s]
    Running the tests in 'tests/testthat.R' failed.
    Complete output:
     > library(testthat)
     > library(sparrpowR)
     Loading required package: spatstat.geom
     Loading required package: spatstat.data
     spatstat.geom 2.2-2
     Loading required package: spatstat.core
     Loading required package: nlme
     Loading required package: rpart
     spatstat.core 2.3-0
     Loading required package: spatstat.linnet
     spatstat.linnet 2.3-0
     Loading required package: spatstat
    
     spatstat 2.2-0 (nickname: 'That's not important right now')
     For an introduction to spatstat, type 'beginner'
    
    
     Welcome to {sparrpowR} version 0.2.3
     > help("sparrpowR") # for documentation
     > citation("sparrpowR") # for how to cite
    
     >
     > test_check("sparrpowR")
    
    
    
     == Skipped tests ===============================================================
     * On CRAN (1)
    
     == Failed tests ================================================================
     -- Error (test-jitter_power.R:73:3): parallel processing with future package functions properly --
     Error: PSOCK cluster setup strategy 'parallel' is not yet supported
     Backtrace:
     x
     1. +-testthat::expect_named(...) test-jitter_power.R:73:2
     2. | \-testthat::quasi_label(enquo(object), label, arg = "object")
     3. | \-rlang::eval_bare(expr, quo_get_env(quo))
     4. \-sparrpowR::jitter_power(...)
     5. \-future::plan(future::multisession, workers = n_core)
     6. \-future:::plan_set(...)
     7. \-future:::plan_init()
     8. \-future:::evaluator(...)
     9. \-future:::strategy(..., envir = envir, workers = workers)
     10. \-future::MultisessionFuture(...)
     11. \-future::ClusterFuture(...)
     12. +-base::do.call(...)
     13. \-(function (future, workers = NULL, ...) ...
     14. \-future:::ClusterRegistry("start", workers = workers, ...)
     15. \-future:::makeCluster(workers, ...)
     16. \-parallelly::makeClusterPSOCK(workers, ...)
     -- Error (test-test-spatial_power.R:205:3): parallel processing with future package functions properly --
     Error: PSOCK cluster setup strategy 'parallel' is not yet supported
     Backtrace:
     x
     1. +-testthat::expect_named(...) test-test-spatial_power.R:205:2
     2. | \-testthat::quasi_label(enquo(object), label, arg = "object")
     3. | \-rlang::eval_bare(expr, quo_get_env(quo))
     4. \-sparrpowR::spatial_power(...)
     5. \-future::plan(future::multisession, workers = n_core)
     6. \-future:::plan_set(...)
     7. \-future:::plan_init()
     8. \-future:::evaluator(...)
     9. \-future:::strategy(..., envir = envir, workers = workers)
     10. \-future::MultisessionFuture(...)
     11. \-future::ClusterFuture(...)
     12. +-base::do.call(...)
     13. \-(function (future, workers = NULL, ...) ...
     14. \-future:::ClusterRegistry("start", workers = workers, ...)
     15. \-future:::makeCluster(workers, ...)
     16. \-parallelly::makeClusterPSOCK(workers, ...)
    
     [ FAIL 2 | WARN 0 | SKIP 1 | PASS 22 ]
     Error: Test failures
     Execution halted
Flavor: r-devel-windows-x86_64

Version: 0.2.3
Check: tests
Result: ERROR
     Running 'spelling.R'
     Running 'testthat.R'
    Running the tests in 'tests/testthat.R' failed.
    Complete output:
     > library(testthat)
     > library(sparrpowR)
     Loading required package: spatstat.geom
     Loading required package: spatstat.data
     spatstat.geom 2.2-2
     Loading required package: spatstat.core
     Loading required package: nlme
     Loading required package: rpart
     spatstat.core 2.3-0
     Loading required package: spatstat.linnet
     spatstat.linnet 2.3-0
     Loading required package: spatstat
    
     spatstat 2.2-0 (nickname: 'That's not important right now')
     For an introduction to spatstat, type 'beginner'
    
    
     Welcome to {sparrpowR} version 0.2.3
     > help("sparrpowR") # for documentation
     > citation("sparrpowR") # for how to cite
    
     >
     > test_check("sparrpowR")
    
    
    
     ══ Skipped tests ═══════════════════════════════════════════════════════════════
     • On CRAN (1)
    
     ══ Failed tests ════════════════════════════════════════════════════════════════
     ── Error (test-jitter_power.R:73:3): parallel processing with future package functions properly ──
     Error: PSOCK cluster setup strategy 'parallel' is not yet supported
     Backtrace:
     █
     1. ├─testthat::expect_named(...) test-jitter_power.R:73:2
     2. │ └─testthat::quasi_label(enquo(object), label, arg = "object")
     3. │ └─rlang::eval_bare(expr, quo_get_env(quo))
     4. └─sparrpowR::jitter_power(...)
     5. └─future::plan(future::multisession, workers = n_core)
     6. └─future:::plan_set(...)
     7. └─future:::plan_init()
     8. └─future:::evaluator(...)
     9. └─future:::strategy(..., envir = envir, workers = workers)
     10. └─future::MultisessionFuture(...)
     11. └─future::ClusterFuture(...)
     12. ├─base::do.call(...)
     13. └─(function (future, workers = NULL, ...) ...
     14. └─future:::ClusterRegistry("start", workers = workers, ...)
     15. └─future:::makeCluster(workers, ...)
     16. └─parallelly::makeClusterPSOCK(workers, ...)
     ── Error (test-test-spatial_power.R:205:3): parallel processing with future package functions properly ──
     Error: PSOCK cluster setup strategy 'parallel' is not yet supported
     Backtrace:
     █
     1. ├─testthat::expect_named(...) test-test-spatial_power.R:205:2
     2. │ └─testthat::quasi_label(enquo(object), label, arg = "object")
     3. │ └─rlang::eval_bare(expr, quo_get_env(quo))
     4. └─sparrpowR::spatial_power(...)
     5. └─future::plan(future::multisession, workers = n_core)
     6. └─future:::plan_set(...)
     7. └─future:::plan_init()
     8. └─future:::evaluator(...)
     9. └─future:::strategy(..., envir = envir, workers = workers)
     10. └─future::MultisessionFuture(...)
     11. └─future::ClusterFuture(...)
     12. ├─base::do.call(...)
     13. └─(function (future, workers = NULL, ...) ...
     14. └─future:::ClusterRegistry("start", workers = workers, ...)
     15. └─future:::makeCluster(workers, ...)
     16. └─parallelly::makeClusterPSOCK(workers, ...)
    
     [ FAIL 2 | WARN 0 | SKIP 1 | PASS 22 ]
     Error: Test failures
     Execution halted
Flavor: r-devel-windows-x86_64-gcc10-UCRT