Last updated on 2024-08-16 11:49:52 CEST.
Flavor | Version | Tinstall | Tcheck | Ttotal | Status | Flags |
---|---|---|---|---|---|---|
r-devel-linux-x86_64-debian-clang | 1.0 | 65.39 | 303.12 | 368.51 | OK | |
r-devel-linux-x86_64-debian-gcc | 1.0 | 46.22 | 201.87 | 248.09 | OK | |
r-devel-linux-x86_64-fedora-clang | 1.0 | 576.34 | OK | |||
r-devel-linux-x86_64-fedora-gcc | 1.0 | 602.48 | OK | |||
r-devel-windows-x86_64 | 1.0 | 76.00 | 392.00 | 468.00 | OK | |
r-patched-linux-x86_64 | 1.0 | 66.20 | 308.46 | 374.66 | OK | |
r-release-linux-x86_64 | 1.0 | 66.09 | 307.84 | 373.93 | OK | |
r-release-macos-arm64 | 1.0 | 192.00 | OK | |||
r-release-macos-x86_64 | 1.0 | 306.00 | NOTE | |||
r-release-windows-x86_64 | 1.0 | 75.00 | 398.00 | 473.00 | OK | |
r-oldrel-macos-arm64 | 1.0 | 217.00 | NOTE | |||
r-oldrel-macos-x86_64 | 1.0 | 391.00 | NOTE | |||
r-oldrel-windows-x86_64 | 1.0 | 90.00 | 488.00 | 578.00 | OK |
Version: 1.0
Check: installed package size
Result: NOTE
installed size is 5.1Mb
sub-directories of 1Mb or more:
libs 4.2Mb
Flavors: r-release-macos-x86_64, r-oldrel-macos-arm64, r-oldrel-macos-x86_64