Last updated on 2023-09-25 12:01:52 CEST.
Flavor | Version | Tinstall | Tcheck | Ttotal | Status | Flags |
---|---|---|---|---|---|---|
r-devel-linux-x86_64-debian-clang | 1.0 | 117.12 | 363.45 | 480.57 | OK | |
r-devel-linux-x86_64-debian-gcc | 1.0 | 72.38 | 307.84 | 380.22 | OK | |
r-devel-linux-x86_64-fedora-clang | 1.0 | 631.58 | OK | |||
r-devel-linux-x86_64-fedora-gcc | 1.0 | 631.41 | OK | |||
r-devel-windows-x86_64 | 1.0 | 87.00 | 384.00 | 471.00 | OK | |
r-patched-linux-x86_64 | 1.0 | 101.57 | 349.01 | 450.58 | OK | |
r-release-linux-x86_64 | 1.0 | 102.69 | 351.73 | 454.42 | OK | |
r-release-macos-arm64 | 1.0 | 217.00 | NOTE | |||
r-release-macos-x86_64 | 1.0 | 391.00 | NOTE | |||
r-release-windows-x86_64 | 1.0 | 109.00 | 511.00 | 620.00 | OK | |
r-oldrel-macos-arm64 | 1.0 | 145.00 | NOTE | |||
r-oldrel-macos-x86_64 | 1.0 | 281.00 | OK | |||
r-oldrel-windows-x86_64 | 1.0 | 100.00 | 491.00 | 591.00 | OK |
Version: 1.0
Check: installed package size
Result: NOTE
installed size is 5.2Mb
sub-directories of 1Mb or more:
libs 4.4Mb
Flavors: r-release-macos-arm64, r-release-macos-x86_64, r-oldrel-macos-arm64