Last updated on 2023-09-24 05:53:23 CEST.
Flavor | Version | Tinstall | Tcheck | Ttotal | Status | Flags |
---|---|---|---|---|---|---|
r-devel-linux-x86_64-debian-clang | 0.3.3.7 | 41.31 | 98.39 | 139.70 | NOTE | |
r-devel-linux-x86_64-debian-gcc | 0.3.3.7 | 27.26 | 75.85 | 103.11 | NOTE | |
r-devel-linux-x86_64-fedora-clang | 0.3.3.7 | 184.84 | NOTE | |||
r-devel-linux-x86_64-fedora-gcc | 0.3.3.7 | 189.37 | NOTE | |||
r-devel-windows-x86_64 | 0.3.3.7 | 34.00 | 134.00 | 168.00 | NOTE | |
r-patched-linux-x86_64 | 0.3.3.7 | 33.65 | 94.90 | 128.55 | NOTE | |
r-release-linux-x86_64 | 0.3.3.7 | 41.77 | 95.73 | 137.50 | NOTE | |
r-release-macos-arm64 | 0.3.3.7 | 66.00 | NOTE | |||
r-release-macos-x86_64 | 0.3.3.7 | 97.00 | NOTE | |||
r-release-windows-x86_64 | 0.3.3.7 | 43.00 | 148.00 | 191.00 | NOTE | |
r-oldrel-macos-arm64 | 0.3.3.7 | 53.00 | OK | |||
r-oldrel-macos-x86_64 | 0.3.3.7 | 70.00 | OK | |||
r-oldrel-windows-x86_64 | 0.3.3.7 | 43.00 | 144.00 | 187.00 | OK |
Version: 0.3.3.7
Check: C++ specification
Result: NOTE
Specified C++11: please drop specification unless essential
Flavors: r-devel-linux-x86_64-debian-clang, r-devel-linux-x86_64-debian-gcc, r-devel-linux-x86_64-fedora-clang, r-devel-linux-x86_64-fedora-gcc, r-devel-windows-x86_64, r-patched-linux-x86_64, r-release-linux-x86_64, r-release-macos-arm64, r-release-macos-x86_64, r-release-windows-x86_64