CRAN Package Check Results for Package sparsebnUtils

Last updated on 2021-06-23 11:52:59 CEST.

Flavor Version Tinstall Tcheck Ttotal Status Flags
r-devel-linux-x86_64-debian-clang 0.0.8 4.45 57.41 61.86 OK
r-devel-linux-x86_64-debian-gcc 0.0.8 2.99 43.16 46.15 OK
r-devel-linux-x86_64-fedora-clang 0.0.8 80.07 NOTE
r-devel-linux-x86_64-fedora-gcc 0.0.8 81.14 OK
r-devel-windows-x86_64 0.0.8 7.00 71.00 78.00 OK
r-devel-windows-x86_64-gcc10-UCRT 0.0.8 NOTE
r-patched-linux-x86_64 0.0.8 5.12 54.38 59.50 OK
r-patched-solaris-x86 0.0.8 95.10 OK
r-release-linux-x86_64 0.0.8 4.18 54.11 58.29 OK
r-release-macos-arm64 0.0.8 NOTE
r-release-macos-x86_64 0.0.8 OK
r-release-windows-ix86+x86_64 0.0.8 8.00 58.00 66.00 OK
r-oldrel-macos-x86_64 0.0.8 OK

Check Details

Version: 0.0.8
Check: Rd cross-references
Result: NOTE
    Undeclared package ‘sparsebn’ in Rd xrefs
Flavor: r-devel-linux-x86_64-fedora-clang

Version: 0.0.8
Check: package dependencies
Result: NOTE
    Package suggested but not available for checking: 'RCy3'
Flavors: r-devel-windows-x86_64-gcc10-UCRT, r-release-macos-arm64

Version: 0.0.8
Check: Rd cross-references
Result: NOTE
    Package unavailable to check Rd xrefs: 'RCy3'
Flavors: r-devel-windows-x86_64-gcc10-UCRT, r-release-macos-arm64