CRAN Package Check Results for Package spatialrisk

Last updated on 2021-01-26 05:48:31 CET.

Flavor Version Tinstall Tcheck Ttotal Status Flags
r-devel-linux-x86_64-debian-clang 0.6.7 48.61 210.13 258.74 OK
r-devel-linux-x86_64-debian-gcc 0.6.7 32.49 159.26 191.75 OK
r-devel-linux-x86_64-fedora-clang 0.6.7 319.12 NOTE
r-devel-linux-x86_64-fedora-gcc 0.6.7 316.21 NOTE
r-devel-windows-ix86+x86_64 0.6.7 103.00 347.00 450.00 NOTE
r-patched-linux-x86_64 0.6.7 28.70 196.79 225.49 OK
r-patched-solaris-x86 0.6.7 401.00 NOTE
r-release-linux-x86_64 0.6.7 29.71 195.99 225.70 OK
r-release-macos-x86_64 0.6.7 NOTE
r-release-windows-ix86+x86_64 0.6.7 99.00 258.00 357.00 NOTE
r-oldrel-macos-x86_64 0.6.7 NOTE
r-oldrel-windows-ix86+x86_64 0.6.7 77.00 287.00 364.00 NOTE

Check Details

Version: 0.6.7
Check: installed package size
Result: NOTE
     installed size is 6.0Mb
     sub-directories of 1Mb or more:
     data 4.0Mb
     libs 1.2Mb
Flavors: r-devel-linux-x86_64-fedora-clang, r-devel-windows-ix86+x86_64, r-patched-solaris-x86, r-release-macos-x86_64, r-release-windows-ix86+x86_64, r-oldrel-macos-x86_64, r-oldrel-windows-ix86+x86_64

Version: 0.6.7
Check: dependencies in R code
Result: NOTE
    Namespace in Imports field not imported from: ‘sp’
     All declared Imports should be used.
Flavors: r-devel-linux-x86_64-fedora-clang, r-devel-linux-x86_64-fedora-gcc, r-patched-solaris-x86, r-release-macos-x86_64, r-oldrel-macos-x86_64

Version: 0.6.7
Check: data for non-ASCII characters
Result: NOTE
     Note: found 25 marked Latin-1 strings
     Note: found 335 marked UTF-8 strings
Flavors: r-devel-linux-x86_64-fedora-clang, r-devel-linux-x86_64-fedora-gcc, r-patched-solaris-x86, r-release-macos-x86_64, r-oldrel-macos-x86_64