Last updated on 2023-03-24 07:54:54 CET.
Flavor | Version | Tinstall | Tcheck | Ttotal | Status | Flags |
---|---|---|---|---|---|---|
r-devel-linux-x86_64-debian-clang | 0.3.0 | 37.38 | 503.03 | 540.41 | NOTE | |
r-devel-linux-x86_64-debian-gcc | 0.3.0 | 27.67 | 384.21 | 411.88 | NOTE | |
r-devel-linux-x86_64-fedora-clang | 0.3.0 | 877.95 | NOTE | |||
r-devel-linux-x86_64-fedora-gcc | 0.3.0 | 845.25 | NOTE | |||
r-patched-linux-x86_64 | 0.3.0 | 35.15 | 442.11 | 477.26 | OK | |
r-release-linux-x86_64 | 0.3.0 | 27.66 | 433.46 | 461.12 | OK | |
r-release-macos-arm64 | 0.3.0 | 123.00 | OK | |||
r-release-macos-x86_64 | 0.3.0 | 187.00 | OK | |||
r-release-windows-x86_64 | 0.3.0 | 129.00 | 443.00 | 572.00 | OK | |
r-oldrel-macos-arm64 | 0.3.0 | 112.00 | OK | |||
r-oldrel-macos-x86_64 | 0.3.0 | 186.00 | OK | |||
r-oldrel-windows-ix86+x86_64 | 0.3.0 | 175.00 | 718.00 | 893.00 | OK |
Version: 0.3.0
Check: C++ specification
Result: NOTE
Specified C++11: please drop specification unless essential
Flavors: r-devel-linux-x86_64-debian-clang, r-devel-linux-x86_64-debian-gcc, r-devel-linux-x86_64-fedora-clang, r-devel-linux-x86_64-fedora-gcc