Last updated on 2021-01-28 06:50:07 CET.
Flavor | Version | Tinstall | Tcheck | Ttotal | Status | Flags |
---|---|---|---|---|---|---|
r-devel-linux-x86_64-debian-clang | 2.0.0 | 129.60 | 141.52 | 271.12 | OK | |
r-devel-linux-x86_64-debian-gcc | 2.0.0 | 81.61 | 106.97 | 188.58 | OK | |
r-devel-linux-x86_64-fedora-clang | 2.0.0 | 356.13 | NOTE | |||
r-devel-linux-x86_64-fedora-gcc | 2.0.0 | 313.68 | NOTE | |||
r-devel-windows-ix86+x86_64 | 2.0.0 | 298.00 | 283.00 | 581.00 | OK | |
r-patched-linux-x86_64 | 2.0.0 | 102.23 | 130.93 | 233.16 | OK | |
r-patched-solaris-x86 | 2.0.0 | 397.90 | NOTE | |||
r-release-linux-x86_64 | 2.0.0 | 96.78 | 134.43 | 231.21 | OK | |
r-release-macos-x86_64 | 2.0.0 | NOTE | ||||
r-release-windows-ix86+x86_64 | 2.0.0 | 295.00 | 226.00 | 521.00 | OK | |
r-oldrel-macos-x86_64 | 2.0.0 | NOTE | ||||
r-oldrel-windows-ix86+x86_64 | 2.0.0 | 230.00 | 272.00 | 502.00 | OK |
Version: 2.0.0
Check: dependencies in R code
Result: NOTE
Namespace in Imports field not imported from: ‘tidyr’
All declared Imports should be used.
Flavors: r-devel-linux-x86_64-fedora-clang, r-devel-linux-x86_64-fedora-gcc, r-patched-solaris-x86, r-release-macos-x86_64, r-oldrel-macos-x86_64