CRAN Package Check Results for Package spatialwidget

Last updated on 2024-07-19 06:50:28 CEST.

Flavor Version Tinstall Tcheck Ttotal Status Flags
r-devel-linux-x86_64-debian-clang 0.2.5 236.79 41.46 278.25 NOTE
r-devel-linux-x86_64-debian-gcc 0.2.5 160.82 31.05 191.87 NOTE
r-devel-linux-x86_64-fedora-clang 0.2.5 349.09 NOTE
r-devel-linux-x86_64-fedora-gcc 0.2.5 439.14 NOTE
r-devel-windows-x86_64 0.2.5 174.00 91.00 265.00 NOTE
r-patched-linux-x86_64 0.2.5 221.70 37.84 259.54 NOTE
r-release-linux-x86_64 0.2.5 214.32 38.60 252.92 NOTE
r-release-macos-arm64 0.2.5 86.00 NOTE
r-release-macos-x86_64 0.2.5 77.00 NOTE
r-release-windows-x86_64 0.2.5 192.00 88.00 280.00 NOTE
r-oldrel-macos-arm64 0.2.5 89.00 NOTE
r-oldrel-macos-x86_64 0.2.5 107.00 NOTE
r-oldrel-windows-x86_64 0.2.5 229.00 98.00 327.00 NOTE

Check Details

Version: 0.2.5
Check: C++ specification
Result: NOTE Specified C++14: please drop specification unless essential Flavors: r-devel-linux-x86_64-debian-clang, r-devel-linux-x86_64-debian-gcc, r-devel-linux-x86_64-fedora-clang, r-devel-linux-x86_64-fedora-gcc, r-devel-windows-x86_64, r-patched-linux-x86_64, r-release-linux-x86_64, r-release-macos-arm64, r-release-macos-x86_64, r-release-windows-x86_64, r-oldrel-macos-arm64, r-oldrel-macos-x86_64, r-oldrel-windows-x86_64

Version: 0.2.5
Check: compiled code
Result: NOTE File ‘spatialwidget/libs/spatialwidget.so’: Found non-API calls to R: ‘SET_TYPEOF’, ‘STRING_PTR’ Compiled code should not call non-API entry points in R. See ‘Writing portable packages’ in the ‘Writing R Extensions’ manual, and section ‘Moving into C API compliance’ for issues with the use of non-API entry points. Flavor: r-devel-linux-x86_64-debian-clang

Version: 0.2.5
Check: compiled code
Result: NOTE File ‘spatialwidget/libs/spatialwidget.so’: Found non-API call to R: ‘SET_TYPEOF’ Compiled code should not call non-API entry points in R. See ‘Writing portable packages’ in the ‘Writing R Extensions’ manual, and section ‘Moving into C API compliance’ for issues with the use of non-API entry points. Flavors: r-devel-linux-x86_64-debian-gcc, r-devel-linux-x86_64-fedora-clang, r-devel-linux-x86_64-fedora-gcc

Version: 0.2.5
Check: compiled code
Result: NOTE File 'spatialwidget/libs/x64/spatialwidget.dll': Found non-API calls to R: 'SET_TYPEOF', 'STRING_PTR' Compiled code should not call non-API entry points in R. See 'Writing portable packages' in the 'Writing R Extensions' manual, and section 'Moving into C API compliance' for issues with the use of non-API entry points. Flavor: r-devel-windows-x86_64

Version: 0.2.5
Check: installed package size
Result: NOTE installed size is 13.0Mb sub-directories of 1Mb or more: doc 1.2Mb libs 11.5Mb Flavors: r-release-macos-arm64, r-release-macos-x86_64, r-oldrel-macos-arm64, r-oldrel-macos-x86_64