Last updated on 2025-06-13 17:52:06 CEST.
Flavor | Version | Tinstall | Tcheck | Ttotal | Status | Flags |
---|---|---|---|---|---|---|
r-devel-linux-x86_64-debian-clang | 3.2-6 | 25.58 | 194.52 | 220.10 | OK | |
r-devel-linux-x86_64-debian-gcc | 3.2-6 | 16.55 | 136.72 | 153.27 | OK | |
r-devel-linux-x86_64-fedora-clang | 3.2-6 | 352.67 | OK | |||
r-devel-linux-x86_64-fedora-gcc | 3.2-6 | 322.18 | OK | |||
r-devel-windows-x86_64 | 3.2-6 | 39.00 | 280.00 | 319.00 | OK | |
r-patched-linux-x86_64 | 3.2-6 | 29.34 | 186.38 | 215.72 | OK | |
r-release-linux-x86_64 | 3.2-6 | 24.00 | 189.17 | 213.17 | OK | |
r-release-macos-arm64 | 3.2-6 | 94.00 | OK | |||
r-release-macos-x86_64 | 3.2-6 | 183.00 | OK | |||
r-release-windows-x86_64 | 3.2-6 | 41.00 | 288.00 | 329.00 | OK | |
r-oldrel-macos-arm64 | 3.2-6 | 93.00 | NOTE | |||
r-oldrel-macos-x86_64 | 3.2-6 | 185.00 | NOTE | |||
r-oldrel-windows-x86_64 | 3.2-6 | 50.00 | 299.00 | 349.00 | NOTE |
Version: 3.2-6
Check: package dependencies
Result: NOTE
Depends: includes the non-default packages:
'spatstat.data', 'spatstat.univar', 'spatstat.geom',
'spatstat.random', 'spatstat.explore', 'spatstat.model'
Adding so many packages to the search path is excessive and importing
selectively is preferable.
Flavors: r-oldrel-macos-arm64, r-oldrel-macos-x86_64, r-oldrel-windows-x86_64