Last updated on 2023-02-08 11:54:40 CET.
Flavor | Version | Tinstall | Tcheck | Ttotal | Status | Flags |
---|---|---|---|---|---|---|
r-devel-linux-x86_64-debian-clang | 3.0-1 | 9.08 | 51.71 | 60.79 | OK | |
r-devel-linux-x86_64-debian-gcc | 3.0-1 | 6.37 | 39.07 | 45.44 | OK | |
r-devel-linux-x86_64-fedora-clang | 3.0-1 | 73.37 | OK | |||
r-devel-linux-x86_64-fedora-gcc | 3.0-1 | 72.13 | OK | |||
r-devel-windows-x86_64 | 3.0-1 | 184.00 | 98.00 | 282.00 | OK | |
r-patched-linux-x86_64 | 3.0-1 | 9.22 | 49.75 | 58.97 | OK | |
r-release-linux-x86_64 | 3.0-1 | 6.92 | 51.35 | 58.27 | OK | |
r-release-macos-arm64 | 3.0-1 | 44.00 | NOTE | |||
r-release-macos-x86_64 | 3.0-1 | 65.00 | NOTE | |||
r-release-windows-x86_64 | 3.0-1 | 206.00 | 96.00 | 302.00 | OK | |
r-oldrel-macos-arm64 | 3.0-1 | 45.00 | NOTE | |||
r-oldrel-macos-x86_64 | 3.0-1 | 67.00 | NOTE | |||
r-oldrel-windows-ix86+x86_64 | 3.0-1 | 24.00 | 85.00 | 109.00 | OK |
Version: 3.0-1
Check: package dependencies
Result: NOTE
Package suggested but not available for checking: ‘spatstat.model’
Flavors: r-release-macos-arm64, r-release-macos-x86_64, r-oldrel-macos-arm64, r-oldrel-macos-x86_64
Version: 3.0-1
Check: Rd cross-references
Result: NOTE
Package unavailable to check Rd xrefs: ‘spatstat.model’
Flavors: r-release-macos-arm64, r-release-macos-x86_64, r-oldrel-macos-arm64, r-oldrel-macos-x86_64