Last updated on 2023-09-25 12:01:53 CEST.
Flavor | Version | Tinstall | Tcheck | Ttotal | Status | Flags |
---|---|---|---|---|---|---|
r-devel-linux-x86_64-debian-clang | 0.4-2 | 12.82 | 213.77 | 226.59 | NOTE | |
r-devel-linux-x86_64-debian-gcc | 0.4-2 | 10.13 | 151.13 | 161.26 | NOTE | |
r-devel-linux-x86_64-fedora-clang | 0.4-2 | 285.18 | NOTE | |||
r-devel-linux-x86_64-fedora-gcc | 0.4-2 | 280.34 | NOTE | |||
r-devel-windows-x86_64 | 0.4-2 | 13.00 | 157.00 | 170.00 | NOTE | |
r-patched-linux-x86_64 | 0.4-2 | 16.24 | 203.29 | 219.53 | OK | |
r-release-linux-x86_64 | 0.4-2 | 12.26 | 205.90 | 218.16 | OK | |
r-release-macos-arm64 | 0.4-2 | 85.00 | OK | |||
r-release-macos-x86_64 | 0.4-2 | 175.00 | OK | |||
r-release-windows-x86_64 | 0.4-2 | 16.00 | 203.00 | 219.00 | OK | |
r-oldrel-macos-arm64 | 0.4-2 | 81.00 | OK | |||
r-oldrel-macos-x86_64 | 0.4-2 | 103.00 | OK | |||
r-oldrel-windows-x86_64 | 0.4-2 | 17.00 | 201.00 | 218.00 | OK |
Version: 0.4-2
Check: Rd files
Result: NOTE
checkRd: (-1) NEWS.Rd:137: Escaped LaTeX specials: \&
Flavors: r-devel-linux-x86_64-debian-clang, r-devel-linux-x86_64-debian-gcc, r-devel-linux-x86_64-fedora-clang, r-devel-linux-x86_64-fedora-gcc, r-devel-windows-x86_64