Last updated on 2024-08-16 11:49:52 CEST.
Flavor | Version | Tinstall | Tcheck | Ttotal | Status | Flags |
---|---|---|---|---|---|---|
r-devel-linux-x86_64-debian-clang | 0.4-2 | 10.21 | 164.99 | 175.20 | NOTE | |
r-devel-linux-x86_64-debian-gcc | 0.4-2 | 7.43 | 112.29 | 119.72 | NOTE | |
r-devel-linux-x86_64-fedora-clang | 0.4-2 | 285.70 | NOTE | |||
r-devel-linux-x86_64-fedora-gcc | 0.4-2 | 285.14 | NOTE | |||
r-devel-windows-x86_64 | 0.4-2 | 13.00 | 153.00 | 166.00 | NOTE | |
r-patched-linux-x86_64 | 0.4-2 | 15.42 | 154.07 | 169.49 | NOTE | |
r-release-linux-x86_64 | 0.4-2 | 10.47 | 155.31 | 165.78 | NOTE | |
r-release-macos-arm64 | 0.4-2 | 86.00 | NOTE | |||
r-release-macos-x86_64 | 0.4-2 | 129.00 | NOTE | |||
r-release-windows-x86_64 | 0.4-2 | 13.00 | 151.00 | 164.00 | NOTE | |
r-oldrel-macos-arm64 | 0.4-2 | 85.00 | OK | |||
r-oldrel-macos-x86_64 | 0.4-2 | 175.00 | OK | |||
r-oldrel-windows-x86_64 | 0.4-2 | 16.00 | 204.00 | 220.00 | OK |
Version: 0.4-2
Check: Rd files
Result: NOTE
checkRd: (-1) NEWS.Rd:137: Escaped LaTeX specials: \&
Flavors: r-devel-linux-x86_64-debian-clang, r-devel-linux-x86_64-debian-gcc, r-devel-linux-x86_64-fedora-clang, r-devel-linux-x86_64-fedora-gcc, r-devel-windows-x86_64, r-patched-linux-x86_64, r-release-linux-x86_64, r-release-macos-arm64, r-release-macos-x86_64, r-release-windows-x86_64
Version: 0.4-2
Check: Rd cross-references
Result: NOTE
Found the following Rd file(s) with Rd \link{} targets missing package
anchors:
CompactStratification-class.Rd: SpatialPixels-class,
SpatialPoints-class, SpatialPixelsDataFrame-class
CompactStratificationEqualArea-class.Rd: SpatialPixels-class,
SpatialPoints-class
CompactStratificationPriorPoints-class.Rd: SpatialPoints-class,
SpatialPixels-class
SamplingPattern-class.Rd: SpatialPoints-class
SamplingPatternCentroids-class.Rd: SpatialPoints-class
SamplingPatternPriorPoints-class.Rd: SpatialPoints-class
SamplingPatternPurposive-class.Rd: SpatialPoints-class
SamplingPatternRandom-class.Rd: SpatialPoints-class
SamplingPatternRandomComposite-class.Rd: SpatialPoints-class,
SpatialPointsDataFrame-class
SamplingPatternRandomSamplingUnits-class.Rd: SpatialPoints-class
stratify-methods.Rd: SpatialPixels-class, SpatialGrid-class,
SpatialPolygons-class, SpatialPoints-class
Please provide package anchors for all Rd \link{} targets not in the
package itself and the base packages.
Flavors: r-devel-linux-x86_64-debian-clang, r-devel-linux-x86_64-debian-gcc, r-devel-windows-x86_64