CRAN Package Check Results for Package spectacles

Last updated on 2024-06-13 18:50:09 CEST.

Flavor Version Tinstall Tcheck Ttotal Status Flags
r-devel-linux-x86_64-debian-clang 0.5-4 21.95 271.07 293.02 NOTE
r-devel-linux-x86_64-debian-gcc 0.5-4 0.39 1.89 2.28 ERROR
r-devel-linux-x86_64-fedora-clang 0.5-4 373.08 NOTE
r-devel-linux-x86_64-fedora-gcc 0.5-4 369.19 NOTE
r-devel-windows-x86_64 0.5-4 19.00 231.00 250.00 NOTE
r-patched-linux-x86_64 0.5-4 22.31 264.90 287.21 NOTE
r-release-linux-x86_64 0.5-4 13.68 258.72 272.40 NOTE
r-release-macos-arm64 0.5-4 112.00 NOTE
r-release-macos-x86_64 0.5-4 180.00 NOTE
r-release-windows-x86_64 0.5-4 18.00 234.00 252.00 NOTE
r-oldrel-macos-arm64 0.5-4 105.00 OK
r-oldrel-macos-x86_64 0.5-4 276.00 OK
r-oldrel-windows-x86_64 0.5-4 25.00 277.00 302.00 OK

Check Details

Version: 0.5-4
Check: Rd files
Result: NOTE checkRd: (-1) australia.Rd:15: Lost braces in \itemize; meant \describe ? checkRd: (-1) australia.Rd:16: Lost braces in \itemize; meant \describe ? checkRd: (-1) australia.Rd:17: Lost braces in \itemize; meant \describe ? checkRd: (-1) australia.Rd:18: Lost braces in \itemize; meant \describe ? checkRd: (-1) australia.Rd:19: Lost braces in \itemize; meant \describe ? Flavors: r-devel-linux-x86_64-debian-clang, r-devel-linux-x86_64-fedora-clang, r-devel-linux-x86_64-fedora-gcc, r-devel-windows-x86_64, r-patched-linux-x86_64, r-release-linux-x86_64, r-release-macos-arm64, r-release-macos-x86_64, r-release-windows-x86_64

Version: 0.5-4
Check: package dependencies
Result: ERROR Packages required but not available: 'ggplot2', 'reshape2', 'stringr', 'epiR' Packages suggested but not available for checking: 'caret', 'dplyr' See section ‘The DESCRIPTION file’ in the ‘Writing R Extensions’ manual. Flavor: r-devel-linux-x86_64-debian-gcc