CRAN Package Check Results for Package spiritR

Last updated on 2024-05-23 11:49:42 CEST.

Flavor Version Tinstall Tcheck Ttotal Status Flags
r-devel-linux-x86_64-debian-clang 0.1.1 2.73 30.42 33.15 NOTE
r-devel-linux-x86_64-debian-gcc 0.1.1 1.64 22.91 24.55 NOTE
r-devel-linux-x86_64-fedora-clang 0.1.1 42.29 NOTE
r-devel-linux-x86_64-fedora-gcc 0.1.1 51.66 NOTE
r-devel-windows-x86_64 0.1.1 3.00 46.00 49.00 NOTE
r-patched-linux-x86_64 0.1.1 2.71 29.19 31.90 NOTE
r-release-linux-x86_64 0.1.1 2.24 28.66 30.90 NOTE
r-release-macos-arm64 0.1.1 24.00 NOTE
r-release-windows-x86_64 0.1.1 4.00 47.00 51.00 NOTE
r-oldrel-macos-arm64 0.1.1 27.00 NOTE
r-oldrel-macos-x86_64 0.1.1 35.00 NOTE
r-oldrel-windows-x86_64 0.1.1 5.00 48.00 53.00 NOTE

Check Details

Version: 0.1.1
Check: LazyData
Result: NOTE 'LazyData' is specified without a 'data' directory Flavors: r-devel-linux-x86_64-debian-clang, r-devel-linux-x86_64-debian-gcc, r-devel-linux-x86_64-fedora-clang, r-devel-linux-x86_64-fedora-gcc, r-devel-windows-x86_64, r-patched-linux-x86_64, r-release-linux-x86_64, r-release-macos-arm64, r-release-windows-x86_64, r-oldrel-macos-arm64, r-oldrel-macos-x86_64, r-oldrel-windows-x86_64