Last updated on 2023-03-25 05:50:46 CET.
Flavor | Version | Tinstall | Tcheck | Ttotal | Status | Flags |
---|---|---|---|---|---|---|
r-devel-linux-x86_64-debian-clang | 0.4.7 | 117.57 | 45.06 | 162.63 | NOTE | |
r-devel-linux-x86_64-debian-gcc | 0.4.7 | 93.15 | 35.05 | 128.20 | NOTE | |
r-devel-linux-x86_64-fedora-clang | 0.4.7 | 249.72 | NOTE | |||
r-devel-linux-x86_64-fedora-gcc | 0.4.7 | 238.42 | NOTE | |||
r-patched-linux-x86_64 | 0.4.7 | 97.78 | 44.38 | 142.16 | OK | |
r-release-linux-x86_64 | 0.4.7 | 95.40 | 43.76 | 139.16 | OK | |
r-release-macos-arm64 | 0.4.7 | 66.00 | NOTE | |||
r-release-macos-x86_64 | 0.4.7 | 98.00 | NOTE | |||
r-release-windows-x86_64 | 0.4.7 | 128.00 | 105.00 | 233.00 | OK | |
r-oldrel-macos-arm64 | 0.4.7 | 68.00 | NOTE | |||
r-oldrel-macos-x86_64 | 0.4.7 | 113.00 | NOTE | |||
r-oldrel-windows-ix86+x86_64 | 0.4.7 | 283.00 | 114.00 | 397.00 | OK |
Version: 0.4.7
Check: C++ specification
Result: NOTE
Specified C++11: please drop specification unless essential
Flavors: r-devel-linux-x86_64-debian-clang, r-devel-linux-x86_64-debian-gcc, r-devel-linux-x86_64-fedora-clang, r-devel-linux-x86_64-fedora-gcc
Version: 0.4.7
Check: installed package size
Result: NOTE
installed size is 5.7Mb
sub-directories of 1Mb or more:
libs 4.3Mb
Flavors: r-release-macos-arm64, r-release-macos-x86_64, r-oldrel-macos-arm64, r-oldrel-macos-x86_64