CRAN Package Check Results for Package splus2R

Last updated on 2020-10-26 05:46:53 CET.

Flavor Version Tinstall Tcheck Ttotal Status Flags
r-devel-linux-x86_64-debian-clang 1.2-2 7.14 43.11 50.25 OK
r-devel-linux-x86_64-debian-gcc 1.2-2 6.25 32.75 39.00 OK
r-devel-linux-x86_64-fedora-clang 1.2-2 69.25 NOTE
r-devel-linux-x86_64-fedora-gcc 1.2-2 59.88 NOTE
r-devel-windows-ix86+x86_64 1.2-2 16.00 81.00 97.00 OK
r-patched-linux-x86_64 1.2-2 6.47 40.34 46.81 OK
r-patched-solaris-x86 1.2-2 85.70 OK
r-release-linux-x86_64 1.2-2 6.31 40.63 46.94 OK
r-release-macos-x86_64 1.2-2 OK
r-release-windows-ix86+x86_64 1.2-2 16.00 65.00 81.00 OK
r-oldrel-macos-x86_64 1.2-2 OK
r-oldrel-windows-ix86+x86_64 1.2-2 13.00 86.00 99.00 OK

Check Details

Version: 1.2-2
Check: compiled code
Result: NOTE
    File ‘splus2R/libs/splus2R.so’:
     Found no calls to: ‘R_registerRoutines’, ‘R_useDynamicSymbols’
    
    It is good practice to register native routines and to disable symbol
    search.
    
    See ‘Writing portable packages’ in the ‘Writing R Extensions’ manual.
Flavors: r-devel-linux-x86_64-fedora-clang, r-devel-linux-x86_64-fedora-gcc