Last updated on 2024-08-16 11:49:52 CEST.
Flavor | Version | Tinstall | Tcheck | Ttotal | Status | Flags |
---|---|---|---|---|---|---|
r-devel-linux-x86_64-debian-clang | 1.2.3 | 10.14 | 68.34 | 78.48 | NOTE | |
r-devel-linux-x86_64-debian-gcc | 1.2.3 | 7.42 | 49.78 | 57.20 | NOTE | |
r-devel-linux-x86_64-fedora-clang | 1.2.3 | 123.97 | OK | |||
r-devel-linux-x86_64-fedora-gcc | 1.2.3 | 116.91 | OK | |||
r-devel-windows-x86_64 | 1.2.3 | 11.00 | 89.00 | 100.00 | NOTE | |
r-patched-linux-x86_64 | 1.2.3 | 14.59 | 64.21 | 78.80 | OK | |
r-release-linux-x86_64 | 1.2.3 | 9.56 | 65.38 | 74.94 | OK | |
r-release-macos-arm64 | 1.2.3 | 37.00 | OK | |||
r-release-macos-x86_64 | 1.2.3 | 89.00 | OK | |||
r-release-windows-x86_64 | 1.2.3 | 13.00 | 92.00 | 105.00 | OK | |
r-oldrel-macos-arm64 | 1.2.3 | 40.00 | OK | |||
r-oldrel-macos-x86_64 | 1.2.3 | 70.00 | OK | |||
r-oldrel-windows-x86_64 | 1.2.3 | 13.00 | 106.00 | 119.00 | OK |
Version: 1.2.3
Check: Rd cross-references
Result: NOTE
Found the following Rd file(s) with Rd \link{} targets missing package
anchors:
as.idigbio.Rd: idig_search_records
Please provide package anchors for all Rd \link{} targets not in the
package itself and the base packages.
Flavors: r-devel-linux-x86_64-debian-clang, r-devel-linux-x86_64-debian-gcc, r-devel-windows-x86_64