CRAN Package Check Results for Package squid

Last updated on 2019-10-20 05:47:01 CEST.

Flavor Version Tinstall Tcheck Ttotal Status Flags
r-devel-linux-x86_64-debian-clang 0.1.2 3.66 33.26 36.92 OK
r-devel-linux-x86_64-debian-gcc 0.1.2 3.38 25.55 28.93 OK
r-devel-linux-x86_64-fedora-clang 0.1.2 45.17 OK
r-devel-linux-x86_64-fedora-gcc 0.1.2 42.73 OK
r-devel-windows-ix86+x86_64 0.1.2 10.00 59.00 69.00 OK
r-patched-linux-x86_64 0.1.2 4.05 32.11 36.16 OK
r-patched-solaris-x86 0.1.2 64.20 OK
r-release-linux-x86_64 0.1.2 3.32 31.85 35.17 OK
r-release-windows-ix86+x86_64 0.1.2 8.00 41.00 49.00 OK
r-release-osx-x86_64 0.1.2 OK
r-oldrel-windows-ix86+x86_64 0.1.2 6.00 39.00 45.00 OK
r-oldrel-osx-x86_64 0.1.2 ERROR

Check Details

Version: 0.1.2
Check: package dependencies
Result: ERROR
    Package required and available but unsuitable version: ‘grid’
    
    See section ‘The DESCRIPTION file’ in the ‘Writing R Extensions’
    manual.
Flavor: r-oldrel-osx-x86_64