Last updated on 2024-08-16 11:49:52 CEST.
Flavor | Version | Tinstall | Tcheck | Ttotal | Status | Flags |
---|---|---|---|---|---|---|
r-devel-linux-x86_64-debian-clang | 1.0.6 | 100.10 | 300.14 | 400.24 | OK | |
r-devel-linux-x86_64-debian-gcc | 1.0.6 | 78.51 | 208.88 | 287.39 | OK | |
r-devel-linux-x86_64-fedora-clang | 1.0.6 | 636.22 | OK | |||
r-devel-linux-x86_64-fedora-gcc | 1.0.6 | 692.00 | OK | |||
r-devel-windows-x86_64 | 1.0.6 | 101.00 | 426.00 | 527.00 | NOTE | |
r-patched-linux-x86_64 | 1.0.6 | 111.86 | 285.69 | 397.55 | OK | |
r-release-linux-x86_64 | 1.0.6 | 108.78 | 288.48 | 397.26 | OK | |
r-release-macos-arm64 | 1.0.6 | 234.00 | NOTE | |||
r-release-macos-x86_64 | 1.0.6 | 540.00 | NOTE | |||
r-release-windows-x86_64 | 1.0.6 | 103.00 | 426.00 | 529.00 | NOTE | |
r-oldrel-macos-arm64 | 1.0.6 | 341.00 | NOTE | |||
r-oldrel-macos-x86_64 | 1.0.6 | 488.00 | NOTE | |||
r-oldrel-windows-x86_64 | 1.0.6 | 128.00 | 556.00 | 684.00 | NOTE |
Version: 1.0.6
Check: installed package size
Result: NOTE
installed size is 16.2Mb
sub-directories of 1Mb or more:
doc 1.2Mb
help 1.0Mb
libs 13.6Mb
Flavors: r-devel-windows-x86_64, r-release-macos-arm64, r-release-macos-x86_64, r-release-windows-x86_64, r-oldrel-macos-arm64, r-oldrel-macos-x86_64, r-oldrel-windows-x86_64