CRAN Package Check Results for Package ssev

Last updated on 2023-02-04 11:51:50 CET.

Flavor Version Tinstall Tcheck Ttotal Status Flags
r-devel-linux-x86_64-debian-clang 0.1.0 2.59 29.01 31.60 NOTE
r-devel-linux-x86_64-debian-gcc 0.1.0 1.94 22.54 24.48 NOTE
r-devel-linux-x86_64-fedora-clang 0.1.0 41.07 NOTE
r-devel-linux-x86_64-fedora-gcc 0.1.0 40.09 NOTE
r-devel-windows-x86_64 0.1.0 8.00 56.00 64.00 NOTE
r-patched-linux-x86_64 0.1.0 2.21 29.62 31.83 NOTE
r-release-linux-x86_64 0.1.0 2.38 29.57 31.95 NOTE
r-release-macos-arm64 0.1.0 16.00 NOTE
r-release-macos-x86_64 0.1.0 27.00 NOTE
r-release-windows-x86_64 0.1.0 7.00 61.00 68.00 NOTE
r-oldrel-macos-arm64 0.1.0 21.00 NOTE
r-oldrel-macos-x86_64 0.1.0 31.00 NOTE
r-oldrel-windows-ix86+x86_64 0.1.0 8.00 55.00 63.00 NOTE

Check Details

Version: 0.1.0
Check: LazyData
Result: NOTE
     'LazyData' is specified without a 'data' directory
Flavors: r-devel-linux-x86_64-debian-clang, r-devel-linux-x86_64-debian-gcc, r-devel-linux-x86_64-fedora-clang, r-devel-linux-x86_64-fedora-gcc, r-devel-windows-x86_64, r-patched-linux-x86_64, r-release-linux-x86_64, r-release-macos-arm64, r-release-macos-x86_64, r-release-windows-x86_64, r-oldrel-macos-arm64, r-oldrel-macos-x86_64, r-oldrel-windows-ix86+x86_64