Last updated on 2023-04-01 11:51:42 CEST.
Flavor | Version | Tinstall | Tcheck | Ttotal | Status | Flags |
---|---|---|---|---|---|---|
r-devel-linux-x86_64-debian-clang | 0.1.0 | 3.46 | 33.35 | 36.81 | OK | |
r-devel-linux-x86_64-debian-gcc | 0.1.0 | 2.59 | 26.10 | 28.69 | OK | |
r-devel-linux-x86_64-fedora-clang | 0.1.0 | 46.22 | OK | |||
r-devel-linux-x86_64-fedora-gcc | 0.1.0 | 44.15 | OK | |||
r-patched-linux-x86_64 | 0.1.0 | 3.03 | 32.00 | 35.03 | OK | |
r-release-linux-x86_64 | 0.1.0 | 2.77 | 33.50 | 36.27 | OK | |
r-release-macos-arm64 | 0.1.0 | 19.00 | NOTE | |||
r-release-macos-x86_64 | 0.1.0 | 33.00 | NOTE | |||
r-release-windows-x86_64 | 0.1.0 | 11.00 | 66.00 | 77.00 | OK | |
r-oldrel-macos-arm64 | 0.1.0 | 23.00 | NOTE | |||
r-oldrel-macos-x86_64 | 0.1.0 | 31.00 | NOTE | |||
r-oldrel-windows-ix86+x86_64 | 0.1.0 | 9.00 | 60.00 | 69.00 | OK |
Version: 0.1.0
Check: package dependencies
Result: NOTE
Package suggested but not available for checking: ‘scanstatistics’
Flavors: r-release-macos-arm64, r-release-macos-x86_64, r-oldrel-macos-arm64, r-oldrel-macos-x86_64