CRAN Package Check Results for Package ssym

Last updated on 2022-10-07 11:52:35 CEST.

Flavor Version Tinstall Tcheck Ttotal Status Flags
r-devel-linux-x86_64-debian-clang 1.5.7 13.11 108.23 121.34 NOTE
r-devel-linux-x86_64-debian-gcc 1.5.7 15.47 80.97 96.44 NOTE
r-devel-linux-x86_64-fedora-clang 1.5.7 165.60 NOTE
r-devel-linux-x86_64-fedora-gcc 1.5.7 158.88 NOTE
r-devel-windows-x86_64 1.5.7 24.00 132.00 156.00 NOTE
r-patched-linux-x86_64 1.5.7 16.72 103.30 120.02 OK
r-release-linux-x86_64 1.5.7 16.22 102.95 119.17 OK
r-release-macos-arm64 1.5.7 38.00 OK
r-release-macos-x86_64 1.5.7 58.00 OK
r-release-windows-x86_64 1.5.7 25.00 136.00 161.00 OK
r-oldrel-macos-arm64 1.5.7 49.00 OK
r-oldrel-macos-x86_64 1.5.7 85.00 OK
r-oldrel-windows-ix86+x86_64 1.5.7 30.00 124.00 154.00 OK

Check Details

Version: 1.5.7
Check: Rd files
Result: NOTE
    checkRd: (-1) Snacks.Rd:6: Escaped LaTeX specials: \~
Flavors: r-devel-linux-x86_64-debian-clang, r-devel-linux-x86_64-debian-gcc, r-devel-linux-x86_64-fedora-clang, r-devel-linux-x86_64-fedora-gcc, r-devel-windows-x86_64