Last updated on 2023-09-29 11:56:08 CEST.
Flavor | Version | Tinstall | Tcheck | Ttotal | Status | Flags |
---|---|---|---|---|---|---|
r-devel-linux-x86_64-debian-clang | 23.9.1 | 10.18 | 103.99 | 114.17 | OK | |
r-devel-linux-x86_64-debian-gcc | 23.9.1 | 7.05 | 76.60 | 83.65 | OK | |
r-devel-linux-x86_64-fedora-clang | 23.9.1 | 139.84 | NOTE | |||
r-devel-linux-x86_64-fedora-gcc | 23.9.1 | 150.30 | NOTE | |||
r-devel-windows-x86_64 | 23.9.1 | 10.00 | 96.00 | 106.00 | OK | |
r-patched-linux-x86_64 | 23.9.1 | 6.52 | 98.35 | 104.87 | OK | |
r-release-linux-x86_64 | 23.9.1 | 8.49 | 98.48 | 106.97 | OK | |
r-release-macos-arm64 | 23.9.1 | 63.00 | OK | |||
r-release-macos-x86_64 | 23.9.1 | 95.00 | OK | |||
r-release-windows-x86_64 | 23.9.1 | 13.00 | 119.00 | 132.00 | OK | |
r-oldrel-macos-arm64 | 23.9.1 | 53.00 | OK | |||
r-oldrel-macos-x86_64 | 23.9.1 | 68.00 | OK | |||
r-oldrel-windows-x86_64 | 23.9.1 | 13.00 | 119.00 | 132.00 | OK |
Version: 23.9.1
Check: data for non-ASCII characters
Result: NOTE
Note: found 705 marked UTF-8 strings
Flavors: r-devel-linux-x86_64-fedora-clang, r-devel-linux-x86_64-fedora-gcc