CRAN Package Check Results for Package staRdom

Last updated on 2021-04-20 17:51:04 CEST.

Flavor Version Tinstall Tcheck Ttotal Status Flags
r-devel-linux-x86_64-debian-clang 1.1.18 17.88 266.32 284.20 OK
r-devel-linux-x86_64-fedora-clang 1.1.21 334.54 OK
r-devel-linux-x86_64-fedora-gcc 1.1.21 177.34 OK
r-release-macos-x86_64 1.1.18 OK
r-release-windows-ix86+x86_64 1.1.18 42.00 316.00 358.00 OK
r-oldrel-macos-x86_64 1.1.18 ERROR

Check Details

Version: 1.1.18
Check: package dependencies
Result: ERROR
    Packages required and available but unsuitable versions:
     'parallel', 'graphics'
    
    See section ‘The DESCRIPTION file’ in the ‘Writing R Extensions’
    manual.
Flavor: r-oldrel-macos-x86_64