Last updated on 2024-08-16 11:49:52 CEST.
Flavor | Version | Tinstall | Tcheck | Ttotal | Status | Flags |
---|---|---|---|---|---|---|
r-devel-linux-x86_64-debian-clang | 1.1 | 62.00 | 39.37 | 101.37 | OK | |
r-devel-linux-x86_64-debian-gcc | 1.1 | 49.96 | 37.33 | 87.29 | OK | |
r-devel-linux-x86_64-fedora-clang | 1.1 | 168.73 | NOTE | |||
r-devel-linux-x86_64-fedora-gcc | 1.1 | 198.58 | NOTE | |||
r-devel-windows-x86_64 | 1.1 | 62.00 | 85.00 | 147.00 | OK | |
r-patched-linux-x86_64 | 1.1 | 65.96 | 46.05 | 112.01 | OK | |
r-release-linux-x86_64 | 1.1 | 72.52 | 45.99 | 118.51 | OK | |
r-release-macos-arm64 | 1.1 | 50.00 | NOTE | |||
r-release-macos-x86_64 | 1.1 | 84.00 | NOTE | |||
r-release-windows-x86_64 | 1.1 | 61.00 | 77.00 | 138.00 | OK | |
r-oldrel-macos-arm64 | 1.1 | 54.00 | NOTE | |||
r-oldrel-macos-x86_64 | 1.1 | 87.00 | NOTE | |||
r-oldrel-windows-x86_64 | 1.1 | 77.00 | 94.00 | 171.00 | OK |
Version: 1.1
Check: dependencies in R code
Result: NOTE
Namespaces in Imports field not imported from:
‘reshape2’ ‘stats’
All declared Imports should be used.
Flavors: r-devel-linux-x86_64-fedora-clang, r-devel-linux-x86_64-fedora-gcc
Version: 1.1
Check: installed package size
Result: NOTE
installed size is 35.6Mb
sub-directories of 1Mb or more:
libs 35.1Mb
Flavors: r-release-macos-arm64, r-release-macos-x86_64, r-oldrel-macos-arm64, r-oldrel-macos-x86_64