CRAN Package Check Results for Package stanette

Last updated on 2021-12-04 17:52:07 CET.

Flavor Version Tinstall Tcheck Ttotal Status Flags
r-devel-linux-x86_64-debian-clang 2.21.2 724.64 143.22 867.86 NOTE
r-devel-linux-x86_64-debian-gcc 2.21.2 724.02 113.18 837.20 NOTE
r-devel-linux-x86_64-fedora-clang 2.21.2 1330.41 NOTE
r-devel-linux-x86_64-fedora-gcc 2.21.2 1535.14 NOTE
r-devel-windows-x86_64-new-UL 2.21.2 1024.00 282.00 1306.00 WARN
r-devel-windows-x86_64-new-TK 2.21.2 WARN
r-devel-windows-x86_64-old 2.21.2 973.00 222.00 1195.00 NOTE
r-patched-linux-x86_64 2.21.2 842.23 135.19 977.42 NOTE
r-release-linux-x86_64 2.21.2 837.25 133.96 971.21 NOTE
r-release-macos-arm64 2.21.2 FAIL
r-release-macos-x86_64 2.21.2 NOTE
r-release-windows-ix86+x86_64 2.21.2 1919.00 265.00 2184.00 NOTE
r-oldrel-macos-x86_64 2.21.2 NOTE
r-oldrel-windows-ix86+x86_64 2.21.2 1922.00 275.00 2197.00 NOTE

Additional issues

M1mac

Check Details

Version: 2.21.2
Check: for GNU extensions in Makefiles
Result: NOTE
    GNU make is a SystemRequirements.
Flavors: r-devel-linux-x86_64-debian-clang, r-devel-linux-x86_64-debian-gcc, r-devel-linux-x86_64-fedora-clang, r-devel-linux-x86_64-fedora-gcc, r-devel-windows-x86_64-new-UL, r-devel-windows-x86_64-new-TK, r-devel-windows-x86_64-old, r-patched-linux-x86_64, r-release-linux-x86_64, r-release-windows-ix86+x86_64, r-oldrel-windows-ix86+x86_64

Version: 2.21.2
Check: installed package size
Result: NOTE
     installed size is 193.2Mb
     sub-directories of 1Mb or more:
     lib 27.7Mb
     libs 163.8Mb
Flavors: r-devel-linux-x86_64-fedora-clang, r-devel-windows-x86_64-new-UL, r-devel-windows-x86_64-old, r-release-macos-arm64, r-release-macos-x86_64, r-release-windows-ix86+x86_64, r-oldrel-macos-x86_64, r-oldrel-windows-ix86+x86_64

Version: 2.21.2
Check: Rd cross-references
Result: NOTE
    Undeclared packages ‘rstan’, ‘rstanarm’ in Rd xrefs
Flavor: r-devel-linux-x86_64-fedora-clang

Version: 2.21.2
Check: whether package can be installed
Result: WARN
    Found the following significant warnings:
     arg.c:166:17: warning: too many arguments for format [-Wformat-extra-args]
Flavors: r-devel-windows-x86_64-new-UL, r-devel-windows-x86_64-new-TK

Version: 2.21.2
Check: whether the namespace can be unloaded cleanly
Result: FAIL
Flavor: r-release-macos-arm64