Last updated on 2024-04-20 00:04:40 CEST.
Flavor | Version | Tinstall | Tcheck | Ttotal | Status | Flags |
---|---|---|---|---|---|---|
r-devel-linux-x86_64-debian-clang | 0.1.15 | 4.41 | 58.93 | 63.34 | NOTE | |
r-devel-linux-x86_64-debian-gcc | 0.1.15 | NOTE | ||||
r-devel-linux-x86_64-fedora-clang | 0.1.15 | 85.48 | NOTE | |||
r-devel-linux-x86_64-fedora-gcc | 0.1.15 | 92.14 | NOTE | |||
r-prerel-macos-arm64 | 0.1.15 | 37.00 | OK | |||
r-prerel-macos-x86_64 | 0.1.15 | 78.00 | OK | |||
r-prerel-windows-x86_64 | 0.1.15 | 7.00 | 67.00 | 74.00 | NOTE | |
r-patched-linux-x86_64 | 0.1.15 | 3.94 | 56.96 | 60.90 | NOTE | |
r-release-linux-x86_64 | 0.1.15 | 5.80 | 54.74 | 60.54 | OK | |
r-release-macos-arm64 | 0.1.15 | 40.00 | OK | |||
r-release-macos-x86_64 | 0.1.15 | 77.00 | OK | |||
r-release-windows-x86_64 | 0.1.15 | 7.00 | 82.00 | 89.00 | OK | |
r-oldrel-macos-arm64 | 0.1.15 | 35.00 | OK | |||
r-oldrel-windows-x86_64 | 0.1.15 | 7.00 | 82.00 | 89.00 | OK |
Version: 0.1.15
Check: HTML version of manual
Result: NOTE
Found the following HTML validation problems:
create_symlink.html:55:1 (create_symlink.Rd:17): Warning: trimming empty <dt>
Flavors: r-devel-linux-x86_64-debian-clang, r-devel-linux-x86_64-debian-gcc, r-devel-linux-x86_64-fedora-clang, r-devel-linux-x86_64-fedora-gcc, r-prerel-windows-x86_64, r-patched-linux-x86_64