Last updated on 2025-04-30 18:51:45 CEST.
Flavor | Version | Tinstall | Tcheck | Ttotal | Status | Flags |
---|---|---|---|---|---|---|
r-devel-linux-x86_64-debian-clang | 0.9.9 | 14.80 | 109.75 | 124.55 | NOTE | |
r-devel-linux-x86_64-debian-gcc | 0.9.9 | 9.48 | 77.46 | 86.94 | OK | |
r-devel-linux-x86_64-fedora-clang | 0.9.9 | 194.71 | OK | |||
r-devel-linux-x86_64-fedora-gcc | 0.9.9 | 179.20 | OK | |||
r-devel-windows-x86_64 | 0.9.9 | 16.00 | 126.00 | 142.00 | OK | |
r-patched-linux-x86_64 | 0.9.9 | 13.17 | 104.77 | 117.94 | OK | |
r-release-linux-x86_64 | 0.9.9 | 14.41 | 103.91 | 118.32 | OK | |
r-release-macos-arm64 | 0.9.9 | 68.00 | OK | |||
r-release-macos-x86_64 | 0.9.9 | 120.00 | OK | |||
r-release-windows-x86_64 | 0.9.9 | 16.00 | 120.00 | 136.00 | OK | |
r-oldrel-macos-arm64 | 0.9.9 | 62.00 | OK | |||
r-oldrel-macos-x86_64 | 0.9.9 | 114.00 | OK | |||
r-oldrel-windows-x86_64 | 0.9.9 | 20.00 | 156.00 | 176.00 | OK |
Version: 0.9.9
Check: examples
Result: NOTE
Examples with CPU (user + system) or elapsed time > 5s
user system elapsed
gnlht 4.49 0.044 5.534
Flavor: r-devel-linux-x86_64-debian-clang