Last updated on 2024-04-24 06:19:30 CEST.
Flavor | Version | Tinstall | Tcheck | Ttotal | Status | Flags |
---|---|---|---|---|---|---|
r-devel-linux-x86_64-debian-clang | 1.0.12 | 15.01 | 294.43 | 309.44 | NOTE | |
r-devel-linux-x86_64-debian-gcc | 1.0.12 | 8.63 | 189.58 | 198.21 | NOTE | |
r-devel-linux-x86_64-fedora-clang | 1.0.12 | 379.96 | NOTE | |||
r-devel-linux-x86_64-fedora-gcc | 1.0.12 | 376.92 | NOTE | |||
r-prerel-macos-arm64 | 1.0.12 | 100.00 | NOTE | |||
r-prerel-windows-x86_64 | 1.0.12 | 11.00 | 213.00 | 224.00 | NOTE | |
r-patched-linux-x86_64 | 1.0.12 | 11.65 | 281.96 | 293.61 | NOTE | |
r-release-linux-x86_64 | 1.0.12 | 11.43 | 285.98 | 297.41 | NOTE | |
r-release-macos-arm64 | 1.0.12 | 105.00 | NOTE | |||
r-release-macos-x86_64 | 1.0.12 | 243.00 | NOTE | |||
r-release-windows-x86_64 | 1.0.12 | 16.00 | 274.00 | 290.00 | NOTE | |
r-oldrel-macos-arm64 | 1.0.12 | 94.00 | NOTE | |||
r-oldrel-windows-x86_64 | 1.0.12 | 15.00 | 259.00 | 274.00 | NOTE |
Version: 1.0.12
Check: package dependencies
Result: NOTE
Package suggested but not available for checking: ‘asreml’
Flavors: r-devel-linux-x86_64-debian-clang, r-devel-linux-x86_64-debian-gcc, r-devel-linux-x86_64-fedora-clang, r-devel-linux-x86_64-fedora-gcc, r-prerel-macos-arm64, r-prerel-windows-x86_64, r-patched-linux-x86_64, r-release-linux-x86_64, r-release-macos-arm64, r-release-macos-x86_64, r-release-windows-x86_64, r-oldrel-macos-arm64, r-oldrel-windows-x86_64
Version: 1.0.12
Check: dependencies in R code
Result: NOTE
Namespace in Imports field not imported from: ‘mapproj’
All declared Imports should be used.
Flavors: r-devel-linux-x86_64-fedora-clang, r-devel-linux-x86_64-fedora-gcc