CRAN Package Check Results for Package statnet

Last updated on 2024-02-26 11:50:19 CET.

Flavor Version Tinstall Tcheck Ttotal Status Flags
r-devel-linux-x86_64-debian-clang 2019.6 12.59 538.06 550.65 NOTE
r-devel-linux-x86_64-debian-gcc 2019.6 9.90 380.05 389.95 NOTE
r-devel-linux-x86_64-fedora-clang 2019.6 662.11 NOTE
r-devel-linux-x86_64-fedora-gcc 2019.6 678.12 NOTE
r-devel-windows-x86_64 2019.6 44.00 218.00 262.00 NOTE
r-patched-linux-x86_64 2019.6 10.21 484.63 494.84 NOTE
r-release-linux-x86_64 2019.6 8.86 470.80 479.66 NOTE
r-release-macos-arm64 2019.6 101.00 NOTE
r-release-macos-x86_64 2019.6 176.00 NOTE
r-release-windows-x86_64 2019.6 72.00 258.00 330.00 NOTE
r-oldrel-macos-arm64 2019.6 98.00 OK
r-oldrel-windows-x86_64 2019.6 72.00 365.00 437.00 NOTE

Check Details

Version: 2019.6
Check: package dependencies
Result: NOTE Package suggested but not available for checking: ‘networksis’ Flavors: r-devel-linux-x86_64-debian-clang, r-devel-linux-x86_64-debian-gcc, r-devel-linux-x86_64-fedora-clang, r-devel-linux-x86_64-fedora-gcc, r-devel-windows-x86_64, r-patched-linux-x86_64, r-release-linux-x86_64, r-release-macos-arm64, r-release-macos-x86_64, r-release-windows-x86_64, r-oldrel-windows-x86_64

Version: 2019.6
Check: whether startup messages can be suppressed
Result: NOTE unable to reach CRAN It looks like this package (or a package it requires) has a startup message which cannot be suppressed: see ?packageStartupMessage. Flavor: r-devel-windows-x86_64

Version: 2019.6
Check: startup messages can be suppressed
Result: NOTE unable to reach CRAN It looks like this package (or a package it requires) has a startup message which cannot be suppressed: see ?packageStartupMessage. Flavors: r-release-macos-arm64, r-release-macos-x86_64, r-release-windows-x86_64