CRAN Package Check Results for Package statnetWeb

Last updated on 2022-01-26 23:50:34 CET.

Flavor Version Tinstall Tcheck Ttotal Status Flags
r-devel-linux-x86_64-debian-clang 0.5.6 10.57 96.72 107.29 NOTE
r-devel-linux-x86_64-debian-gcc 0.5.6 7.80 73.65 81.45 NOTE
r-devel-linux-x86_64-fedora-clang 0.5.6 123.28 NOTE
r-devel-linux-x86_64-fedora-gcc 0.5.6 115.41 NOTE
r-devel-windows-x86_64-new-UL 0.5.6 57.00 113.00 170.00 NOTE
r-devel-windows-x86_64-new-TK 0.5.6 NOTE
r-patched-linux-x86_64 0.5.6 10.25 87.61 97.86 NOTE
r-release-linux-x86_64 0.5.6 8.72 85.83 94.55 NOTE
r-release-macos-arm64 0.5.6 NOTE
r-release-macos-x86_64 0.5.6 NOTE
r-release-windows-ix86+x86_64 0.5.6 23.00 104.00 127.00 NOTE
r-oldrel-macos-x86_64 0.5.6 OK
r-oldrel-windows-ix86+x86_64 0.5.6 24.00 105.00 129.00 OK

Check Details

Version: 0.5.6
Check: LazyData
Result: NOTE
     'LazyData' is specified without a 'data' directory
Flavors: r-devel-linux-x86_64-debian-clang, r-devel-linux-x86_64-debian-gcc, r-devel-linux-x86_64-fedora-clang, r-devel-linux-x86_64-fedora-gcc, r-devel-windows-x86_64-new-UL, r-devel-windows-x86_64-new-TK, r-patched-linux-x86_64, r-release-linux-x86_64, r-release-macos-arm64, r-release-macos-x86_64, r-release-windows-ix86+x86_64