Last updated on 2023-03-24 07:54:54 CET.
Flavor | Version | Tinstall | Tcheck | Ttotal | Status | Flags |
---|---|---|---|---|---|---|
r-devel-linux-x86_64-debian-clang | 0.7.2 | 5.65 | 52.48 | 58.13 | OK | |
r-devel-linux-x86_64-debian-gcc | 0.7.2 | 4.31 | 40.59 | 44.90 | OK | |
r-devel-linux-x86_64-fedora-clang | 0.7.2 | 73.84 | NOTE | |||
r-devel-linux-x86_64-fedora-gcc | 0.7.2 | 81.09 | NOTE | |||
r-patched-linux-x86_64 | 0.7.2 | 6.28 | 53.63 | 59.91 | OK | |
r-release-linux-x86_64 | 0.7.2 | 3.68 | 53.58 | 57.26 | OK | |
r-release-macos-arm64 | 0.7.2 | 31.00 | OK | |||
r-release-macos-x86_64 | 0.7.2 | 39.00 | NOTE | |||
r-release-windows-x86_64 | 0.7.2 | 56.00 | 93.00 | 149.00 | OK | |
r-oldrel-macos-arm64 | 0.7.2 | 35.00 | OK | |||
r-oldrel-macos-x86_64 | 0.7.2 | 45.00 | NOTE | |||
r-oldrel-windows-ix86+x86_64 | 0.7.2 | 13.00 | 83.00 | 96.00 | NOTE |
Version: 0.7.2
Check: data for non-ASCII characters
Result: NOTE
Note: found 56 marked UTF-8 strings
Flavors: r-devel-linux-x86_64-fedora-clang, r-devel-linux-x86_64-fedora-gcc, r-release-macos-x86_64, r-oldrel-macos-x86_64
Version: 0.7.2
Check: dependencies in R code
Result: NOTE
Initiating curl with CURL_SSL_BACKEND: openssl
Flavor: r-oldrel-windows-ix86+x86_64