Last updated on 2024-08-16 11:49:53 CEST.
Flavor | Version | Tinstall | Tcheck | Ttotal | Status | Flags |
---|---|---|---|---|---|---|
r-devel-linux-x86_64-debian-clang | 0.2.10 | 4.22 | 180.50 | 184.72 | NOTE | |
r-devel-linux-x86_64-debian-gcc | 0.2.10 | 3.21 | 116.57 | 119.78 | NOTE | |
r-devel-linux-x86_64-fedora-clang | 0.2.10 | 299.17 | OK | |||
r-devel-linux-x86_64-fedora-gcc | 0.2.10 | 298.26 | OK | |||
r-devel-windows-x86_64 | 0.2.10 | 6.00 | 172.00 | 178.00 | NOTE | |
r-patched-linux-x86_64 | 0.2.10 | 9.07 | 167.34 | 176.41 | OK | |
r-release-linux-x86_64 | 0.2.10 | 4.51 | 169.85 | 174.36 | OK | |
r-release-macos-arm64 | 0.2.10 | 83.00 | OK | |||
r-release-macos-x86_64 | 0.2.10 | 143.00 | OK | |||
r-release-windows-x86_64 | 0.2.10 | 7.00 | 174.00 | 181.00 | OK | |
r-oldrel-macos-arm64 | 0.2.10 | 96.00 | OK | |||
r-oldrel-macos-x86_64 | 0.2.10 | 202.00 | OK | |||
r-oldrel-windows-x86_64 | 0.2.10 | 7.00 | 217.00 | 224.00 | OK |
Version: 0.2.10
Check: Rd cross-references
Result: NOTE
Found the following Rd file(s) with Rd \link{} targets missing package
anchors:
plotmod.Rd: ggplot2
Please provide package anchors for all Rd \link{} targets not in the
package itself and the base packages.
Flavors: r-devel-linux-x86_64-debian-clang, r-devel-linux-x86_64-debian-gcc, r-devel-windows-x86_64