CRAN Package Check Results for Package steadyICA

Last updated on 2021-06-18 05:49:03 CEST.

Flavor Version Tinstall Tcheck Ttotal Status Flags
r-devel-linux-x86_64-debian-clang 1.0 13.97 48.43 62.40 OK
r-devel-linux-x86_64-debian-gcc 1.0 9.55 37.28 46.83 OK
r-devel-linux-x86_64-fedora-clang 1.0 91.81 NOTE
r-devel-linux-x86_64-fedora-gcc 1.0 79.33 NOTE
r-devel-windows-x86_64 1.0 21.00 71.00 92.00 OK
r-devel-windows-x86_64-gcc10-UCRT 1.0 OK
r-patched-linux-x86_64 1.0 12.48 46.74 59.22 OK
r-patched-solaris-x86 1.0 103.90 OK
r-release-linux-x86_64 1.0 11.60 46.70 58.30 OK
r-release-macos-arm64 1.0 OK
r-release-macos-x86_64 1.0 OK
r-release-windows-ix86+x86_64 1.0 36.00 87.00 123.00 OK
r-oldrel-macos-x86_64 1.0 OK
r-oldrel-windows-ix86+x86_64 1.0 25.00 105.00 130.00 OK

Check Details

Version: 1.0
Check: compiled code
Result: NOTE
    File ‘steadyICA/libs/steadyICA.so’:
     Found no calls to: ‘R_registerRoutines’, ‘R_useDynamicSymbols’
    
    It is good practice to register native routines and to disable symbol
    search.
    
    See ‘Writing portable packages’ in the ‘Writing R Extensions’ manual.
Flavors: r-devel-linux-x86_64-fedora-clang, r-devel-linux-x86_64-fedora-gcc