Last updated on 2024-03-28 06:53:04 CET.
Flavor | Version | Tinstall | Tcheck | Ttotal | Status | Flags |
---|---|---|---|---|---|---|
r-devel-linux-x86_64-debian-clang | 1.0.1 | 200.90 | 177.82 | 378.72 | OK | |
r-devel-linux-x86_64-debian-gcc | 1.0.1 | 198.04 | 134.26 | 332.30 | OK | |
r-devel-linux-x86_64-fedora-clang | 1.0.1 | 458.63 | OK | |||
r-devel-linux-x86_64-fedora-gcc | 1.0.1 | 636.24 | OK | |||
r-devel-windows-x86_64 | 1.0.1 | 154.00 | 159.00 | 313.00 | NOTE | |
r-patched-linux-x86_64 | 1.0.1 | 245.08 | 177.93 | 423.01 | OK | |
r-release-linux-x86_64 | 1.0.1 | 228.31 | 175.85 | 404.16 | OK | |
r-release-macos-arm64 | 1.0.1 | 183.00 | NOTE | |||
r-release-macos-x86_64 | 1.0.1 | 289.00 | NOTE | |||
r-release-windows-x86_64 | 1.0.1 | 201.00 | 209.00 | 410.00 | NOTE | |
r-oldrel-macos-arm64 | 0.0.2 | 119.00 | NOTE | |||
r-oldrel-windows-x86_64 | 0.0.2 | 152.00 | 172.00 | 324.00 | NOTE |
Version: 1.0.1
Check: installed package size
Result: NOTE
installed size is 14.5Mb
sub-directories of 1Mb or more:
libs 13.4Mb
Flavors: r-devel-windows-x86_64, r-release-macos-arm64, r-release-macos-x86_64, r-release-windows-x86_64
Version: 0.0.2
Check: package dependencies
Result: NOTE
Package suggested but not available for checking: ‘INLA’
Flavors: r-oldrel-macos-arm64, r-oldrel-windows-x86_64
Version: 0.0.2
Check: installed package size
Result: NOTE
installed size is 65.4Mb
sub-directories of 1Mb or more:
libs 64.2Mb
Flavors: r-oldrel-macos-arm64, r-oldrel-windows-x86_64