Last updated on 2023-03-29 06:53:50 CEST.
Flavor | Version | Tinstall | Tcheck | Ttotal | Status | Flags |
---|---|---|---|---|---|---|
r-devel-linux-x86_64-debian-clang | 0.0.1 | 173.34 | 152.87 | 326.21 | NOTE | |
r-devel-linux-x86_64-debian-gcc | 0.0.1 | 168.41 | 114.53 | 282.94 | NOTE | |
r-devel-linux-x86_64-fedora-clang | 0.0.1 | 437.86 | OK | |||
r-devel-linux-x86_64-fedora-gcc | 0.0.1 | 507.54 | OK | |||
r-patched-linux-x86_64 | 0.0.1 | 169.32 | 144.05 | 313.37 | NOTE | |
r-release-linux-x86_64 | 0.0.1 | 174.38 | 137.76 | 312.14 | NOTE | |
r-release-macos-arm64 | 0.0.1 | 121.00 | NOTE | |||
r-release-macos-x86_64 | 0.0.1 | 145.00 | NOTE | |||
r-release-windows-x86_64 | 0.0.1 | 122.00 | 199.00 | 321.00 | NOTE | |
r-oldrel-macos-arm64 | 0.0.1 | 118.00 | NOTE | |||
r-oldrel-macos-x86_64 | 0.0.1 | 149.00 | NOTE | |||
r-oldrel-windows-ix86+x86_64 | 0.0.1 | 343.00 | 248.00 | 591.00 | NOTE |
Version: 0.0.1
Check: package dependencies
Result: NOTE
Package suggested but not available for checking: ‘INLA’
Flavors: r-devel-linux-x86_64-debian-clang, r-devel-linux-x86_64-debian-gcc, r-patched-linux-x86_64, r-release-linux-x86_64, r-release-macos-arm64, r-release-macos-x86_64, r-release-windows-x86_64, r-oldrel-macos-arm64, r-oldrel-macos-x86_64
Version: 0.0.1
Check: installed package size
Result: NOTE
installed size is 65.3Mb
sub-directories of 1Mb or more:
libs 64.2Mb
Flavors: r-release-macos-arm64, r-release-macos-x86_64, r-release-windows-x86_64, r-oldrel-macos-arm64, r-oldrel-macos-x86_64, r-oldrel-windows-ix86+x86_64