CRAN Package Check Results for Package stelfi

Last updated on 2023-11-29 00:50:35 CET.

Flavor Version Tinstall Tcheck Ttotal Status Flags
r-devel-linux-x86_64-debian-clang 1.0.1 187.38 178.40 365.78 OK
r-devel-linux-x86_64-debian-gcc 1.0.1 165.15 131.43 296.58 OK
r-devel-linux-x86_64-fedora-clang 1.0.1 424.25 OK
r-devel-linux-x86_64-fedora-gcc 1.0.1 579.64 OK
r-devel-windows-x86_64 1.0.1 127.00 164.00 291.00 NOTE
r-patched-linux-x86_64 1.0.1 198.18 173.65 371.83 OK
r-release-linux-x86_64 1.0.1 181.94 173.18 355.12 OK
r-release-macos-arm64 1.0.1 183.00 NOTE
r-release-macos-x86_64 1.0.1 289.00 NOTE
r-release-windows-x86_64 1.0.1 178.00 208.00 386.00 NOTE
r-oldrel-macos-arm64 0.0.2 119.00 NOTE
r-oldrel-macos-x86_64 0.0.2 157.00 NOTE
r-oldrel-windows-x86_64 0.0.2 152.00 172.00 324.00 NOTE

Check Details

Version: 1.0.1
Check: installed package size
Result: NOTE installed size is 14.6Mb sub-directories of 1Mb or more: libs 13.5Mb Flavors: r-devel-windows-x86_64, r-release-macos-arm64, r-release-macos-x86_64, r-release-windows-x86_64

Version: 0.0.2
Check: package dependencies
Result: NOTE Package suggested but not available for checking: ‘INLA’ Flavors: r-oldrel-macos-arm64, r-oldrel-macos-x86_64, r-oldrel-windows-x86_64

Version: 0.0.2
Check: installed package size
Result: NOTE installed size is 65.4Mb sub-directories of 1Mb or more: libs 64.2Mb Flavors: r-oldrel-macos-arm64, r-oldrel-macos-x86_64, r-oldrel-windows-x86_64