CRAN Package Check Results for Package stepSplitReg

Last updated on 2024-06-18 11:54:58 CEST.

Flavor Version Tinstall Tcheck Ttotal Status Flags
r-devel-linux-x86_64-debian-clang 1.0.3 89.63 40.75 130.38 NOTE
r-devel-linux-x86_64-debian-gcc 1.0.3 65.99 28.49 94.48 NOTE
r-devel-linux-x86_64-fedora-clang 1.0.3 186.54 NOTE
r-devel-linux-x86_64-fedora-gcc 1.0.3 201.44 NOTE
r-devel-windows-x86_64 1.0.3 77.00 86.00 163.00 NOTE
r-patched-linux-x86_64 1.0.3 78.16 39.13 117.29 NOTE
r-release-linux-x86_64 1.0.3 79.88 39.73 119.61 NOTE
r-release-macos-arm64 1.0.3 46.00 NOTE
r-release-macos-x86_64 1.0.3 57.00 NOTE
r-release-windows-x86_64 1.0.3 80.00 66.00 146.00 NOTE
r-oldrel-macos-arm64 1.0.3 52.00 NOTE
r-oldrel-macos-x86_64 1.0.3 89.00 NOTE
r-oldrel-windows-x86_64 1.0.3 91.00 81.00 172.00 NOTE

Check Details

Version: 1.0.3
Check: C++ specification
Result: NOTE Specified C++11: please drop specification unless essential Flavors: r-devel-linux-x86_64-debian-clang, r-devel-linux-x86_64-debian-gcc, r-devel-linux-x86_64-fedora-clang, r-devel-linux-x86_64-fedora-gcc, r-devel-windows-x86_64, r-patched-linux-x86_64, r-release-linux-x86_64, r-release-macos-arm64, r-release-macos-x86_64, r-release-windows-x86_64, r-oldrel-macos-arm64, r-oldrel-macos-x86_64, r-oldrel-windows-x86_64