CRAN Package Check Results for Package stevedore

Last updated on 2020-12-02 18:50:34 CET.

Flavor Version Tinstall Tcheck Ttotal Status Flags
r-devel-linux-x86_64-debian-clang 0.9.3 8.73 132.70 141.43 OK
r-devel-linux-x86_64-debian-gcc 0.9.3 6.35 99.70 106.05 OK
r-devel-linux-x86_64-fedora-clang 0.9.3 182.76 OK
r-devel-linux-x86_64-fedora-gcc 0.9.3 177.91 OK
r-devel-windows-ix86+x86_64 0.9.3 14.00 124.00 138.00 OK
r-patched-linux-x86_64 0.9.3 9.18 129.18 138.36 OK
r-patched-solaris-x86 0.9.3 182.80 NOTE
r-release-linux-x86_64 0.9.3 7.85 130.62 138.47 OK
r-release-macos-x86_64 0.9.3 OK
r-release-windows-ix86+x86_64 0.9.3 10.00 150.00 160.00 OK
r-oldrel-macos-x86_64 0.9.3 OK
r-oldrel-windows-ix86+x86_64 0.9.3 10.00 157.00 167.00 OK

Check Details

Version: 0.9.3
Check: package dependencies
Result: NOTE
    Package suggested but not available for checking: ‘redux’
Flavor: r-patched-solaris-x86