Last updated on 2024-08-16 11:49:53 CEST.
Flavor | Version | Tinstall | Tcheck | Ttotal | Status | Flags |
---|---|---|---|---|---|---|
r-devel-linux-x86_64-debian-clang | 0.5.6.1 | 1.75 | 24.96 | 26.71 | NOTE | |
r-devel-linux-x86_64-debian-gcc | 0.5.6.1 | 1.36 | 20.47 | 21.83 | NOTE | |
r-devel-linux-x86_64-fedora-clang | 0.5.6.1 | 44.62 | NOTE | |||
r-devel-linux-x86_64-fedora-gcc | 0.5.6.1 | 54.69 | NOTE | |||
r-devel-windows-x86_64 | 0.5.6.1 | 3.00 | 47.00 | 50.00 | NOTE | |
r-patched-linux-x86_64 | 0.5.6.1 | 1.67 | 24.04 | 25.71 | NOTE | |
r-release-linux-x86_64 | 0.5.6.1 | 1.52 | 24.05 | 25.57 | NOTE | |
r-release-macos-arm64 | 0.5.6.1 | 23.00 | NOTE | |||
r-release-macos-x86_64 | 0.5.6.1 | 53.00 | NOTE | |||
r-release-windows-x86_64 | 0.5.6.1 | 3.00 | 48.00 | 51.00 | NOTE | |
r-oldrel-macos-arm64 | 0.5.6.1 | 23.00 | NOTE | |||
r-oldrel-macos-x86_64 | 0.5.6.1 | 34.00 | NOTE | |||
r-oldrel-windows-x86_64 | 0.5.6.1 | 3.00 | 48.00 | 51.00 | NOTE |
Version: 0.5.6.1
Check: LazyData
Result: NOTE
'LazyData' is specified without a 'data' directory
Flavors: r-devel-linux-x86_64-debian-clang, r-devel-linux-x86_64-debian-gcc, r-devel-linux-x86_64-fedora-clang, r-devel-linux-x86_64-fedora-gcc, r-devel-windows-x86_64, r-patched-linux-x86_64, r-release-linux-x86_64, r-release-macos-arm64, r-release-macos-x86_64, r-release-windows-x86_64, r-oldrel-macos-arm64, r-oldrel-macos-x86_64, r-oldrel-windows-x86_64