CRAN Package Check Results for Package stmCorrViz

Last updated on 2020-11-23 17:48:43 CET.

Flavor Version Tinstall Tcheck Ttotal Status Flags
r-devel-linux-x86_64-debian-clang 1.3 4.50 39.65 44.15 NOTE
r-devel-linux-x86_64-debian-gcc 1.3 3.26 35.18 38.44 NOTE
r-devel-linux-x86_64-fedora-clang 1.3 56.67 NOTE
r-devel-linux-x86_64-fedora-gcc 1.3 47.65 NOTE
r-devel-windows-ix86+x86_64 1.3 8.00 43.00 51.00 OK
r-patched-linux-x86_64 1.3 3.55 43.09 46.64 NOTE
r-patched-solaris-x86 1.3 67.50 NOTE
r-release-linux-x86_64 1.3 3.86 38.43 42.29 NOTE
r-release-macos-x86_64 1.3 NOTE
r-release-windows-ix86+x86_64 1.3 5.00 43.00 48.00 OK
r-oldrel-macos-x86_64 1.3 NOTE
r-oldrel-windows-ix86+x86_64 1.3 3.00 39.00 42.00 OK

Check Details

Version: 1.3
Check: for non-standard things in the check directory
Result: NOTE
    Found the following files/directories:
     'corrviz.html'
Flavors: r-devel-linux-x86_64-debian-clang, r-devel-linux-x86_64-debian-gcc, r-devel-linux-x86_64-fedora-clang, r-devel-linux-x86_64-fedora-gcc, r-patched-linux-x86_64, r-patched-solaris-x86, r-release-linux-x86_64

Version: 1.3
Check: dependencies in R code
Result: NOTE
    Namespaces in Imports field not imported from:
     ‘SnowballC’ ‘tm’
     All declared Imports should be used.
Flavors: r-devel-linux-x86_64-fedora-clang, r-devel-linux-x86_64-fedora-gcc, r-patched-solaris-x86, r-release-macos-x86_64, r-oldrel-macos-x86_64