Last updated on 2023-09-28 11:55:47 CEST.
Flavor | Version | Tinstall | Tcheck | Ttotal | Status | Flags |
---|---|---|---|---|---|---|
r-devel-linux-x86_64-debian-clang | 1.1.2 | 18.88 | 158.19 | 177.07 | OK | |
r-devel-linux-x86_64-debian-gcc | 1.1.2 | 14.70 | 117.30 | 132.00 | OK | |
r-devel-linux-x86_64-fedora-clang | 1.1.2 | 211.41 | NOTE | |||
r-devel-linux-x86_64-fedora-gcc | 1.1.2 | 121.24 | OK | |||
r-devel-windows-x86_64 | 1.1.2 | 14.00 | 135.00 | 149.00 | NOTE | |
r-patched-linux-x86_64 | 1.1.2 | 13.42 | 150.99 | 164.41 | OK | |
r-release-linux-x86_64 | 1.1.2 | 10.85 | 153.91 | 164.76 | OK | |
r-release-macos-arm64 | 1.1.2 | 68.00 | NOTE | |||
r-release-macos-x86_64 | 1.1.2 | 107.00 | NOTE | |||
r-release-windows-x86_64 | 1.1.2 | 20.00 | 170.00 | 190.00 | NOTE | |
r-oldrel-macos-arm64 | 1.1.2 | 62.00 | NOTE | |||
r-oldrel-macos-x86_64 | 1.1.2 | 84.00 | NOTE | |||
r-oldrel-windows-x86_64 | 1.1.2 | 20.00 | 170.00 | 190.00 | NOTE |
Version: 1.1.2
Check: installed package size
Result: NOTE
installed size is 6.8Mb
sub-directories of 1Mb or more:
data 6.3Mb
Flavors: r-devel-linux-x86_64-fedora-clang, r-devel-windows-x86_64, r-release-macos-arm64, r-release-macos-x86_64, r-release-windows-x86_64, r-oldrel-macos-arm64, r-oldrel-macos-x86_64, r-oldrel-windows-x86_64