Last updated on 2023-05-27 23:57:32 CEST.
Flavor | Version | Tinstall | Tcheck | Ttotal | Status | Flags |
---|---|---|---|---|---|---|
r-devel-linux-x86_64-debian-clang | 2.3 | 1.95 | 25.14 | 27.09 | OK | |
r-devel-linux-x86_64-debian-gcc | 2.3 | 1.94 | 20.31 | 22.25 | OK | |
r-devel-linux-x86_64-fedora-clang | 2.3 | 35.48 | NOTE | |||
r-devel-linux-x86_64-fedora-gcc | 2.3 | 33.73 | NOTE | |||
r-devel-windows-x86_64 | 2.3 | 4.00 | 45.00 | 49.00 | OK | |
r-patched-linux-x86_64 | 2.3 | 2.58 | 24.91 | 27.49 | OK | |
r-release-linux-x86_64 | 2.3 | 2.12 | 24.65 | 26.77 | OK | |
r-release-macos-arm64 | 2.3 | 18.00 | OK | |||
r-release-macos-x86_64 | 2.3 | 25.00 | OK | |||
r-release-windows-x86_64 | 2.3 | 4.00 | 45.00 | 49.00 | OK | |
r-oldrel-macos-arm64 | 2.3 | 20.00 | OK | |||
r-oldrel-macos-x86_64 | 2.3 | 25.00 | NOTE | |||
r-oldrel-windows-x86_64 | 2.3 | 6.00 | 45.00 | 51.00 | OK |
Version: 2.3
Check: data for non-ASCII characters
Result: NOTE
Note: found 22806 marked UTF-8 strings
Flavors: r-devel-linux-x86_64-fedora-clang, r-devel-linux-x86_64-fedora-gcc, r-oldrel-macos-x86_64