CRAN Package Check Results for Package stopwords

Last updated on 2021-01-26 05:48:31 CET.

Flavor Version Tinstall Tcheck Ttotal Status Flags
r-devel-linux-x86_64-debian-clang 2.1 2.91 32.45 35.36 OK
r-devel-linux-x86_64-debian-gcc 2.1 2.53 25.63 28.16 OK
r-devel-linux-x86_64-fedora-clang 2.1 51.18 NOTE
r-devel-linux-x86_64-fedora-gcc 2.1 41.74 NOTE
r-devel-windows-ix86+x86_64 2.1 7.00 50.00 57.00 OK
r-patched-linux-x86_64 2.1 2.97 31.99 34.96 OK
r-patched-solaris-x86 2.1 65.20 NOTE
r-release-linux-x86_64 2.1 3.32 31.54 34.86 OK
r-release-macos-x86_64 2.1 NOTE
r-release-windows-ix86+x86_64 2.1 8.00 39.00 47.00 OK
r-oldrel-macos-x86_64 2.1 NOTE
r-oldrel-windows-ix86+x86_64 2.1 5.00 51.00 56.00 OK

Check Details

Version: 2.1
Check: data for non-ASCII characters
Result: NOTE
     Note: found 22474 marked UTF-8 strings
Flavors: r-devel-linux-x86_64-fedora-clang, r-devel-linux-x86_64-fedora-gcc, r-patched-solaris-x86, r-release-macos-x86_64, r-oldrel-macos-x86_64