CRAN Package Check Results for Package stormwindmodel

Last updated on 2019-11-17 17:49:20 CET.

Flavor Version Tinstall Tcheck Ttotal Status Flags
r-devel-linux-x86_64-debian-clang 0.1.1 5.14 216.46 221.60 OK
r-devel-linux-x86_64-debian-gcc 0.1.1 3.84 156.45 160.29 OK
r-devel-linux-x86_64-fedora-clang 0.1.1 242.98 OK
r-devel-linux-x86_64-fedora-gcc 0.1.1 246.51 OK
r-devel-windows-ix86+x86_64 0.1.1 17.00 200.00 217.00 WARN
r-patched-linux-x86_64 0.1.1 4.62 201.16 205.78 OK
r-patched-solaris-x86 0.1.1 368.90 OK
r-release-linux-x86_64 0.1.1 4.18 204.94 209.12 OK
r-release-windows-ix86+x86_64 0.1.1 8.00 283.00 291.00 OK
r-release-osx-x86_64 0.1.1 OK
r-oldrel-windows-ix86+x86_64 0.1.1 6.00 224.00 230.00 WARN
r-oldrel-osx-x86_64 0.1.1 OK

Check Details

Version: 0.1.1
Check: re-building of vignette outputs
Result: WARN
    Error(s) in re-building vignettes:
    --- re-building 'Details.Rmd' using rmarkdown
    
    Attaching package: 'dplyr'
    
    The following objects are masked from 'package:stats':
    
     filter, lag
    
    The following objects are masked from 'package:base':
    
     intersect, setdiff, setequal, union
    
    
    Attaching package: 'gridExtra'
    
    The following object is masked from 'package:dplyr':
    
     combine
    
    Linking to GEOS 3.6.1, GDAL 2.2.3, PROJ 4.9.3
    Warning: Removed 1 rows containing missing values (geom_path).
    Quitting from lines 904-907 (Details.Rmd)
    Error: processing vignette 'Details.Rmd' failed with diagnostics:
    there is no package called 'ggthemes'
    --- failed re-building 'Details.Rmd'
    
    --- re-building 'Overview.Rmd' using rmarkdown
    
    Attaching package: 'dplyr'
    
    The following objects are masked from 'package:stats':
    
     filter, lag
    
    The following objects are masked from 'package:base':
    
     intersect, setdiff, setequal, union
    
    To enable
    caching of data, set `options(tigris_use_cache = TRUE)` in your R script or .Rprofile.
    
    Attaching package: 'tigris'
    
    The following object is masked from 'package:graphics':
    
     plot
    
    Loading required package: sp
    rgeos version: 0.5-2, (SVN revision 621)
     GEOS runtime version: 3.6.1-CAPI-1.10.1
     Linking to sp version: 1.3-2
     Polygon checking: TRUE
    
    Linking to GEOS 3.6.1, GDAL 2.2.3, PROJ 4.9.3
    Loading required package: viridisLite
    Warning: Removed 1 rows containing missing values (geom_path).
    --- finished re-building 'Overview.Rmd'
    
    SUMMARY: processing the following file failed:
     'Details.Rmd'
    
    Error: Vignette re-building failed.
    Execution halted
Flavor: r-devel-windows-ix86+x86_64

Version: 0.1.1
Check: re-building of vignette outputs
Result: WARN
    Error in re-building vignettes:
     ...
    
    Attaching package: 'dplyr'
    
    The following objects are masked from 'package:stats':
    
     filter, lag
    
    The following objects are masked from 'package:base':
    
     intersect, setdiff, setequal, union
    
    
    Attaching package: 'gridExtra'
    
    The following object is masked from 'package:dplyr':
    
     combine
    
    Linking to GEOS 3.6.1, GDAL 2.2.3, PROJ 4.9.3
    Warning: Removed 1 rows containing missing values (geom_path).
    Quitting from lines 904-907 (Details.Rmd)
    Error: processing vignette 'Details.Rmd' failed with diagnostics:
    there is no package called 'ggthemes'
    Execution halted
Flavor: r-oldrel-windows-ix86+x86_64