CRAN Package Check Results for Package stpp

Last updated on 2019-10-18 05:47:09 CEST.

Flavor Version Tinstall Tcheck Ttotal Status Flags
r-devel-linux-x86_64-debian-clang 2.0-3 19.54 134.70 154.24 OK
r-devel-linux-x86_64-debian-gcc 2.0-3 17.05 104.61 121.66 OK
r-devel-linux-x86_64-fedora-clang 2.0-3 198.66 OK
r-devel-linux-x86_64-fedora-gcc 2.0-3 191.05 OK
r-devel-windows-ix86+x86_64 2.0-3 60.00 169.00 229.00 OK
r-patched-linux-x86_64 2.0-3 19.19 131.55 150.74 OK
r-patched-solaris-x86 2.0-3 326.50 OK
r-release-linux-x86_64 2.0-3 18.86 137.25 156.11 OK
r-release-windows-ix86+x86_64 2.0-3 40.00 284.00 324.00 OK
r-release-osx-x86_64 2.0-3 ERROR
r-oldrel-windows-ix86+x86_64 2.0-3 28.00 159.00 187.00 OK
r-oldrel-osx-x86_64 2.0-3 ERROR

Check Details

Version: 2.0-3
Check: package dependencies
Result: ERROR
    Package required but not available: ‘rpanel’
    
    See section ‘The DESCRIPTION file’ in the ‘Writing R Extensions’
    manual.
Flavors: r-release-osx-x86_64, r-oldrel-osx-x86_64