CRAN Package Check Results for Package stpphawkes

Last updated on 2024-04-16 00:05:14 CEST.

Flavor Version Tinstall Tcheck Ttotal Status Flags
r-devel-linux-x86_64-debian-clang 0.2.1 456.36 38.73 495.09 OK
r-devel-linux-x86_64-debian-gcc 0.2.1 359.61 28.34 387.95 OK
r-devel-linux-x86_64-fedora-clang 0.2.1 792.18 OK
r-devel-linux-x86_64-fedora-gcc 0.2.1 788.74 OK
r-prerel-macos-arm64 0.2.1 117.00 NOTE
r-prerel-windows-x86_64 0.2.1 336.00 73.00 409.00 OK
r-patched-linux-x86_64 0.2.1 460.74 36.67 497.41 OK
r-release-linux-x86_64 0.2.1 442.60 37.10 479.70 OK
r-release-macos-arm64 0.2.1 125.00 NOTE
r-release-macos-x86_64 0.2.1 104.00 NOTE
r-release-windows-x86_64 0.2.1 430.00 86.00 516.00 OK
r-oldrel-macos-arm64 0.2.1 126.00 NOTE
r-oldrel-windows-x86_64 0.2.1 391.00 79.00 470.00 OK

Check Details

Version: 0.2.1
Check: installed package size
Result: NOTE installed size is 10.4Mb sub-directories of 1Mb or more: libs 10.2Mb Flavors: r-prerel-macos-arm64, r-release-macos-arm64, r-release-macos-x86_64, r-oldrel-macos-arm64