Last updated on 2024-08-31 23:49:16 CEST.
Flavor | Version | Tinstall | Tcheck | Ttotal | Status | Flags |
---|---|---|---|---|---|---|
r-devel-linux-x86_64-debian-clang | 1.1.6 | 107.88 | 48.75 | 156.63 | OK | |
r-devel-linux-x86_64-debian-gcc | 1.1.6 | 74.44 | 37.16 | 111.60 | OK | |
r-devel-linux-x86_64-fedora-clang | 1.1.6 | 230.77 | OK | |||
r-devel-linux-x86_64-fedora-gcc | 1.1.6 | 273.46 | OK | |||
r-devel-windows-x86_64 | 1.1.6 | 96.00 | 90.00 | 186.00 | NOTE | |
r-patched-linux-x86_64 | 1.1.6 | 101.34 | 48.65 | 149.99 | OK | |
r-release-linux-x86_64 | 1.1.6 | 95.81 | 46.53 | 142.34 | OK | |
r-release-macos-arm64 | 1.1.6 | 66.00 | NOTE | |||
r-release-macos-x86_64 | 1.1.6 | 124.00 | NOTE | |||
r-release-windows-x86_64 | 1.1.6 | 91.00 | 95.00 | 186.00 | NOTE | |
r-oldrel-macos-arm64 | 1.1.6 | 91.00 | NOTE | |||
r-oldrel-macos-x86_64 | 1.1.6 | 133.00 | NOTE | |||
r-oldrel-windows-x86_64 | 1.1.6 | 113.00 | 109.00 | 222.00 | NOTE |
Version: 1.1.6
Check: C++ specification
Result: NOTE
Specified C++14: please drop specification unless essential
Flavors: r-devel-windows-x86_64, r-release-windows-x86_64, r-oldrel-windows-x86_64
Version: 1.1.6
Check: installed package size
Result: NOTE
installed size is 10.1Mb
sub-directories of 1Mb or more:
libs 8.8Mb
Flavors: r-release-macos-arm64, r-release-macos-x86_64, r-oldrel-macos-arm64, r-oldrel-macos-x86_64