CRAN Package Check Results for Package strawr

Last updated on 2023-10-03 06:07:14 CEST.

Flavor Version Tinstall Tcheck Ttotal Status Flags
r-devel-linux-x86_64-debian-clang 0.0.91 23.47 26.73 50.20 OK
r-devel-linux-x86_64-debian-gcc 0.0.91 18.27 21.34 39.61 OK
r-devel-linux-x86_64-fedora-clang 0.0.91 74.08 OK
r-devel-linux-x86_64-fedora-gcc 0.0.91 70.34 OK
r-devel-windows-x86_64 0.0.91 26.00 108.00 134.00 NOTE
r-patched-linux-x86_64 0.0.91 24.63 26.35 50.98 OK
r-release-linux-x86_64 0.0.91 22.50 26.71 49.21 OK
r-release-macos-arm64 0.0.91 27.00 OK
r-release-macos-x86_64 0.0.91 44.00 OK
r-release-windows-x86_64 0.0.91 27.00 114.00 141.00 NOTE
r-oldrel-macos-arm64 0.0.91 25.00 OK
r-oldrel-macos-x86_64 0.0.91 32.00 OK
r-oldrel-windows-x86_64 0.0.91 35.00 87.00 122.00 NOTE

Check Details

Version: 0.0.91
Check: installed package size
Result: NOTE
     installed size is 5.4Mb
     sub-directories of 1Mb or more:
     libs 4.6Mb
Flavors: r-devel-windows-x86_64, r-release-windows-x86_64, r-oldrel-windows-x86_64