Last updated on 2024-08-16 11:49:53 CEST.
Flavor | Version | Tinstall | Tcheck | Ttotal | Status | Flags |
---|---|---|---|---|---|---|
r-devel-linux-x86_64-debian-clang | 2.0-2 | 89.48 | 168.14 | 257.62 | NOTE | |
r-devel-linux-x86_64-debian-gcc | 2.0-2 | 66.97 | 106.86 | 173.83 | NOTE | |
r-devel-linux-x86_64-fedora-clang | 2.0-2 | 456.14 | OK | |||
r-devel-linux-x86_64-fedora-gcc | 2.0-2 | 464.51 | OK | |||
r-devel-windows-x86_64 | 2.0-2 | 100.00 | 245.00 | 345.00 | NOTE | |
r-patched-linux-x86_64 | 2.0-2 | 96.15 | 152.64 | 248.79 | OK | |
r-release-linux-x86_64 | 2.0-2 | 94.80 | 156.43 | 251.23 | OK | |
r-release-macos-arm64 | 2.0-2 | 120.00 | NOTE | |||
r-release-macos-x86_64 | 2.0-2 | 172.00 | NOTE | |||
r-release-windows-x86_64 | 2.0-2 | 101.00 | 247.00 | 348.00 | OK | |
r-oldrel-macos-arm64 | 2.0-2 | 127.00 | NOTE | |||
r-oldrel-macos-x86_64 | 2.0-2 | 240.00 | NOTE | |||
r-oldrel-windows-x86_64 | 2.0-2 | 119.00 | 285.00 | 404.00 | OK |
Version: 2.0-2
Check: Rd cross-references
Result: NOTE
Found the following Rd file(s) with Rd \link{} targets missing package
anchors:
DSClassifier_SlidingWindow.Rd: rpart
Please provide package anchors for all Rd \link{} targets not in the
package itself and the base packages.
Flavors: r-devel-linux-x86_64-debian-clang, r-devel-linux-x86_64-debian-gcc, r-devel-windows-x86_64
Version: 2.0-2
Check: installed package size
Result: NOTE
installed size is 12.9Mb
sub-directories of 1Mb or more:
doc 1.7Mb
libs 9.9Mb
Flavors: r-release-macos-arm64, r-release-macos-x86_64, r-oldrel-macos-arm64, r-oldrel-macos-x86_64