Last updated on 2024-08-16 11:49:53 CEST.
Flavor | Version | Tinstall | Tcheck | Ttotal | Status | Flags |
---|---|---|---|---|---|---|
r-devel-linux-x86_64-debian-clang | 0.1.7 | 85.11 | 19.91 | 105.02 | OK | |
r-devel-linux-x86_64-debian-gcc | 0.1.7 | 65.35 | 16.30 | 81.65 | OK | |
r-devel-linux-x86_64-fedora-clang | 0.1.7 | 215.82 | OK | |||
r-devel-linux-x86_64-fedora-gcc | 0.1.7 | 211.89 | OK | |||
r-devel-windows-x86_64 | 0.1.7 | 117.00 | 54.00 | 171.00 | OK | |
r-patched-linux-x86_64 | 0.1.7 | 84.20 | 19.44 | 103.64 | OK | |
r-release-linux-x86_64 | 0.1.7 | 82.68 | 19.33 | 102.01 | OK | |
r-release-macos-arm64 | 0.1.7 | 53.00 | NOTE | |||
r-release-macos-x86_64 | 0.1.7 | 54.00 | NOTE | |||
r-release-windows-x86_64 | 0.1.7 | 132.00 | 62.00 | 194.00 | OK | |
r-oldrel-macos-arm64 | 0.1.7 | 56.00 | NOTE | |||
r-oldrel-macos-x86_64 | 0.1.7 | 59.00 | NOTE | |||
r-oldrel-windows-x86_64 | 0.1.7 | 143.00 | 67.00 | 210.00 | OK |
Version: 0.1.7
Check: installed package size
Result: NOTE
installed size is 7.4Mb
sub-directories of 1Mb or more:
libs 7.3Mb
Flavors: r-release-macos-arm64, r-release-macos-x86_64, r-oldrel-macos-arm64, r-oldrel-macos-x86_64