Last updated on 2023-03-21 17:53:18 CET.
Flavor | Version | Tinstall | Tcheck | Ttotal | Status | Flags |
---|---|---|---|---|---|---|
r-devel-linux-x86_64-debian-clang | 1.5-3 | 11.82 | 101.34 | 113.16 | NOTE | |
r-devel-linux-x86_64-debian-gcc | 1.5-3 | 6.73 | 74.26 | 80.99 | NOTE | |
r-devel-linux-x86_64-fedora-clang | 1.5-3 | 139.10 | NOTE | |||
r-devel-linux-x86_64-fedora-gcc | 1.5-3 | 141.40 | NOTE | |||
r-patched-linux-x86_64 | 1.5-3 | 11.73 | 106.05 | 117.78 | NOTE | |
r-release-linux-x86_64 | 1.5-3 | 8.27 | 106.23 | 114.50 | NOTE | |
r-release-macos-arm64 | 1.5-3 | 46.00 | NOTE | |||
r-release-macos-x86_64 | 1.5-3 | 57.00 | NOTE | |||
r-release-windows-x86_64 | 1.5-3 | 64.00 | 171.00 | 235.00 | NOTE | |
r-oldrel-macos-arm64 | 1.5-3 | 40.00 | NOTE | |||
r-oldrel-macos-x86_64 | 1.5-3 | 58.00 | NOTE | |||
r-oldrel-windows-ix86+x86_64 | 1.5-3 | 20.00 | 180.00 | 200.00 | NOTE |
Version: 1.5-3
Check: R code for possible problems
Result: NOTE
efpFunctional: multiple local function definitions for ‘plotProcess’
with different formal arguments
mefp.efp: multiple local function definitions for ‘computeEmpProc’ with
different formal arguments
Flavors: r-devel-linux-x86_64-debian-clang, r-devel-linux-x86_64-debian-gcc, r-devel-linux-x86_64-fedora-clang, r-devel-linux-x86_64-fedora-gcc, r-patched-linux-x86_64, r-release-linux-x86_64, r-release-macos-arm64, r-release-macos-x86_64, r-release-windows-x86_64, r-oldrel-macos-arm64, r-oldrel-macos-x86_64, r-oldrel-windows-ix86+x86_64