CRAN Package Check Results for Package strucchange

Last updated on 2019-11-22 11:49:51 CET.

Flavor Version Tinstall Tcheck Ttotal Status Flags
r-devel-linux-x86_64-debian-clang 1.5-2 NOTE
r-devel-linux-x86_64-debian-gcc 1.5-2 8.24 72.21 80.45 NOTE
r-devel-linux-x86_64-fedora-clang 1.5-2 119.58 NOTE
r-devel-linux-x86_64-fedora-gcc 1.5-2 115.59 NOTE
r-devel-windows-ix86+x86_64 1.5-2 22.00 201.00 223.00 NOTE
r-devel-windows-ix86+x86_64-gcc8 1.5-2 23.00 141.00 164.00 NOTE
r-patched-linux-x86_64 1.5-2 8.43 89.84 98.27 NOTE
r-patched-solaris-x86 1.5-2 144.80 NOTE
r-release-linux-x86_64 1.5-2 8.55 89.71 98.26 NOTE
r-release-windows-ix86+x86_64 1.5-2 21.00 186.00 207.00 NOTE
r-release-osx-x86_64 1.5-2 NOTE
r-oldrel-windows-ix86+x86_64 1.5-2 12.00 124.00 136.00 NOTE
r-oldrel-osx-x86_64 1.5-2 NOTE

Additional issues

rchk

Check Details

Version: 1.5-2
Check: R code for possible problems
Result: NOTE
    efpFunctional: multiple local function definitions for 'plotProcess'
     with different formal arguments
    mefp.efp: multiple local function definitions for 'computeEmpProc' with
     different formal arguments
Flavors: r-devel-linux-x86_64-debian-clang, r-devel-linux-x86_64-debian-gcc, r-devel-linux-x86_64-fedora-clang, r-devel-linux-x86_64-fedora-gcc, r-devel-windows-ix86+x86_64, r-devel-windows-ix86+x86_64-gcc8, r-patched-linux-x86_64, r-patched-solaris-x86, r-release-linux-x86_64, r-release-windows-ix86+x86_64, r-release-osx-x86_64, r-oldrel-windows-ix86+x86_64, r-oldrel-osx-x86_64