Last updated on 2024-08-31 23:49:17 CEST.
Flavor | Version | Tinstall | Tcheck | Ttotal | Status | Flags |
---|---|---|---|---|---|---|
r-devel-linux-x86_64-debian-clang | 0.10.2 | 7.70 | 72.68 | 80.38 | OK | |
r-devel-linux-x86_64-debian-gcc | 0.10.2 | 4.95 | 46.90 | 51.85 | OK | |
r-devel-linux-x86_64-fedora-clang | 0.10.2 | 126.45 | NOTE | |||
r-devel-linux-x86_64-fedora-gcc | 0.10.2 | 120.15 | NOTE | |||
r-devel-windows-x86_64 | 0.10.2 | 8.00 | 80.00 | 88.00 | OK | |
r-patched-linux-x86_64 | 0.10.2 | 7.49 | 68.71 | 76.20 | OK | |
r-release-linux-x86_64 | 0.10.2 | 7.60 | 67.83 | 75.43 | OK | |
r-release-macos-arm64 | 0.10.2 | 36.00 | OK | |||
r-release-macos-x86_64 | 0.10.2 | 53.00 | OK | |||
r-release-windows-x86_64 | 0.10.2 | 8.00 | 80.00 | 88.00 | OK | |
r-oldrel-macos-arm64 | 0.10.2 | 38.00 | OK | |||
r-oldrel-macos-x86_64 | 0.10.2 | 88.00 | OK | |||
r-oldrel-windows-x86_64 | 0.10.2 | 8.00 | 103.00 | 111.00 | OK |
Version: 0.10.2
Check: data for non-ASCII characters
Result: NOTE
Note: found 83 marked UTF-8 strings
Flavors: r-devel-linux-x86_64-fedora-clang, r-devel-linux-x86_64-fedora-gcc