Last updated on 2023-09-23 11:50:31 CEST.
Flavor | Version | Tinstall | Tcheck | Ttotal | Status | Flags |
---|---|---|---|---|---|---|
r-devel-linux-x86_64-debian-clang | 0.10.2 | 6.34 | 97.77 | 104.11 | OK | |
r-devel-linux-x86_64-debian-gcc | 0.10.2 | 6.32 | 72.44 | 78.76 | OK | |
r-devel-linux-x86_64-fedora-clang | 0.10.2 | 132.54 | NOTE | |||
r-devel-linux-x86_64-fedora-gcc | 0.10.2 | 128.50 | NOTE | |||
r-devel-windows-x86_64 | 0.10.2 | 8.00 | 85.00 | 93.00 | OK | |
r-patched-linux-x86_64 | 0.10.2 | 7.91 | 94.11 | 102.02 | OK | |
r-release-linux-x86_64 | 0.10.2 | 10.49 | 92.09 | 102.58 | OK | |
r-release-macos-arm64 | 0.10.2 | 38.00 | OK | |||
r-release-macos-x86_64 | 0.10.2 | 88.00 | OK | |||
r-release-windows-x86_64 | 0.10.2 | 7.00 | 96.00 | 103.00 | OK | |
r-oldrel-macos-arm64 | 0.10.2 | 39.00 | OK | |||
r-oldrel-macos-x86_64 | 0.10.2 | 50.00 | OK | |||
r-oldrel-windows-x86_64 | 0.10.2 | 12.00 | 102.00 | 114.00 | OK |
Version: 0.10.2
Check: data for non-ASCII characters
Result: NOTE
Note: found 83 marked UTF-8 strings
Flavors: r-devel-linux-x86_64-fedora-clang, r-devel-linux-x86_64-fedora-gcc